CRAN Package Check Results for Package reda

Last updated on 2025-10-23 21:51:38 CEST.

Flavor Version Tinstall Tcheck Ttotal Status Flags
r-devel-linux-x86_64-debian-clang 0.5.6 44.11 97.81 141.92 NOTE
r-devel-linux-x86_64-debian-gcc 0.5.6 26.71 69.66 96.37 OK
r-devel-linux-x86_64-fedora-clang 0.5.6 88.00 138.98 226.98 OK
r-devel-linux-x86_64-fedora-gcc 0.5.6 61.00 166.50 227.50 OK
r-devel-windows-x86_64 0.5.6 50.00 124.00 174.00 OK
r-patched-linux-x86_64 0.5.6 44.14 89.93 134.07 OK
r-release-linux-x86_64 0.5.6 43.92 90.92 134.84 OK
r-release-macos-arm64 0.5.6 15.00 44.00 59.00 OK
r-release-macos-x86_64 0.5.6 31.00 106.00 137.00 OK
r-release-windows-x86_64 0.5.6 50.00 127.00 177.00 OK
r-oldrel-macos-arm64 0.5.6 15.00 48.00 63.00 NOTE
r-oldrel-macos-x86_64 0.5.6 29.00 96.00 125.00 NOTE
r-oldrel-windows-x86_64 0.5.6 60.00 150.00 210.00 NOTE

Check Details

Version: 0.5.6
Check: HTML version of manual
Result: NOTE Found the following HTML validation problems: show-method.html:72:1 (show-method.Rd:36): Warning: missing </ul> before </div> Flavor: r-devel-linux-x86_64-debian-clang

Version: 0.5.6
Check: installed package size
Result: NOTE installed size is 7.1Mb sub-directories of 1Mb or more: doc 3.4Mb libs 3.1Mb Flavors: r-oldrel-macos-arm64, r-oldrel-macos-x86_64, r-oldrel-windows-x86_64

These binaries (installable software) and packages are in development.
They may not be fully stable and should be used with caution. We make no claims about them.