CRAN Package Check Results for Package reda

Last updated on 2025-02-07 05:50:50 CET.

Flavor Version Tinstall Tcheck Ttotal Status Flags
r-devel-linux-x86_64-debian-clang 0.5.4 41.03 99.85 140.88 NOTE
r-devel-linux-x86_64-debian-gcc 0.5.4 30.14 73.33 103.47 NOTE
r-devel-linux-x86_64-fedora-clang 0.5.4 256.08 NOTE
r-devel-linux-x86_64-fedora-gcc 0.5.4 257.37 NOTE
r-devel-windows-x86_64 0.5.4 49.00 134.00 183.00 NOTE
r-patched-linux-x86_64 0.5.4 45.78 93.44 139.22 NOTE
r-release-linux-x86_64 0.5.4 42.72 93.57 136.29 NOTE
r-release-macos-arm64 0.5.4 63.00 NOTE
r-release-macos-x86_64 0.5.4 91.00 NOTE
r-release-windows-x86_64 0.5.4 47.00 125.00 172.00 NOTE
r-oldrel-macos-arm64 0.5.4 70.00 NOTE
r-oldrel-macos-x86_64 0.5.4 118.00 NOTE
r-oldrel-windows-x86_64 0.5.4 54.00 149.00 203.00 NOTE

Check Details

Version: 0.5.4
Check: C++ specification
Result: NOTE Specified C++11: please drop specification unless essential Flavors: r-devel-linux-x86_64-debian-clang, r-devel-linux-x86_64-debian-gcc, r-devel-linux-x86_64-fedora-clang, r-devel-linux-x86_64-fedora-gcc, r-devel-windows-x86_64, r-patched-linux-x86_64, r-release-linux-x86_64, r-release-macos-arm64, r-release-macos-x86_64, r-release-windows-x86_64, r-oldrel-macos-arm64, r-oldrel-macos-x86_64, r-oldrel-windows-x86_64

Version: 0.5.4
Check: Rd files
Result: NOTE checkRd: (-1) simEvent.Rd:112: Lost braces; missing escapes or markup? 112 | and another argument named {zCoef} for covariate coefficient vector. | ^ Flavors: r-devel-linux-x86_64-debian-clang, r-devel-linux-x86_64-debian-gcc, r-devel-linux-x86_64-fedora-clang, r-devel-linux-x86_64-fedora-gcc, r-devel-windows-x86_64, r-patched-linux-x86_64, r-release-linux-x86_64, r-release-macos-arm64, r-release-macos-x86_64, r-release-windows-x86_64

Version: 0.5.4
Check: installed package size
Result: NOTE installed size is 6.8Mb sub-directories of 1Mb or more: doc 3.3Mb libs 2.9Mb Flavors: r-release-macos-arm64, r-release-macos-x86_64, r-oldrel-macos-arm64, r-oldrel-macos-x86_64, r-oldrel-windows-x86_64

These binaries (installable software) and packages are in development.
They may not be fully stable and should be used with caution. We make no claims about them.