Last updated on 2025-07-02 03:50:50 CEST.
Flavor | Version | Tinstall | Tcheck | Ttotal | Status | Flags |
---|---|---|---|---|---|---|
r-devel-linux-x86_64-debian-clang | 2.1.2 | 41.12 | 47.02 | 88.14 | OK | |
r-devel-linux-x86_64-debian-gcc | 2.1.2 | 32.40 | 35.42 | 67.82 | OK | |
r-devel-linux-x86_64-fedora-clang | 2.1.2 | 157.21 | OK | |||
r-devel-linux-x86_64-fedora-gcc | 2.1.2 | 161.39 | OK | |||
r-devel-windows-x86_64 | 2.1.2 | 64.00 | 85.00 | 149.00 | OK | |
r-patched-linux-x86_64 | OK | |||||
r-release-linux-x86_64 | 2.1.2 | 43.45 | 43.88 | 87.33 | OK | |
r-release-macos-arm64 | 2.1.2 | 47.00 | OK | |||
r-release-macos-x86_64 | 2.1.2 | 75.00 | OK | |||
r-release-windows-x86_64 | 2.1.2 | 64.00 | 85.00 | 149.00 | OK | |
r-oldrel-macos-arm64 | 2.1.2 | 52.00 | NOTE | |||
r-oldrel-macos-x86_64 | 2.1.2 | 69.00 | NOTE | |||
r-oldrel-windows-x86_64 | 2.1.2 | 77.00 | 102.00 | 179.00 | OK |
Version: 2.1.2
Check: installed package size
Result: NOTE
installed size is 5.4Mb
sub-directories of 1Mb or more:
libs 4.5Mb
Flavors: r-oldrel-macos-arm64, r-oldrel-macos-x86_64
These binaries (installable software) and packages are in development.
They may not be fully stable and should be used with caution. We make no claims about them.