Last updated on 2025-02-16 08:50:58 CET.
Flavor | Version | Tinstall | Tcheck | Ttotal | Status | Flags |
---|---|---|---|---|---|---|
r-devel-linux-x86_64-debian-clang | 1.1.0 | 15.35 | 19.42 | 34.77 | OK | |
r-devel-linux-x86_64-debian-gcc | 1.1.0 | 10.29 | 16.07 | 26.36 | OK | |
r-devel-linux-x86_64-fedora-clang | 1.1.0 | 65.86 | OK | |||
r-devel-linux-x86_64-fedora-gcc | 1.1.0 | 58.32 | OK | |||
r-devel-macos-arm64 | 1.1.0 | 26.00 | OK | |||
r-devel-macos-x86_64 | 1.1.0 | 50.00 | OK | |||
r-devel-windows-x86_64 | 1.1.0 | 32.00 | 50.00 | 82.00 | OK | |
r-patched-linux-x86_64 | 1.1.0 | 12.54 | 18.33 | 30.87 | OK | |
r-release-linux-x86_64 | 1.1.0 | 13.64 | 18.38 | 32.02 | OK | |
r-release-macos-arm64 | 1.1.0 | 31.00 | NOTE | |||
r-release-macos-x86_64 | 1.1.0 | 55.00 | NOTE | |||
r-release-windows-x86_64 | 1.1.0 | 31.00 | 51.00 | 82.00 | NOTE | |
r-oldrel-macos-arm64 | 1.1.0 | 31.00 | NOTE | |||
r-oldrel-macos-x86_64 | 1.1.0 | 57.00 | NOTE | |||
r-oldrel-windows-x86_64 | 1.1.0 | 33.00 | 66.00 | 99.00 | NOTE |
Version: 1.1.0
Check: installed package size
Result: NOTE
installed size is 30.0Mb
sub-directories of 1Mb or more:
libs 1.5Mb
redengine 28.4Mb
Flavors: r-release-macos-arm64, r-release-macos-x86_64, r-release-windows-x86_64, r-oldrel-macos-arm64, r-oldrel-macos-x86_64, r-oldrel-windows-x86_64
These binaries (installable software) and packages are in development.
They may not be fully stable and should be used with caution. We make no claims about them.