Last updated on 2025-10-23 17:50:59 CEST.
Flavor | Version | Tinstall | Tcheck | Ttotal | Status | Flags |
---|---|---|---|---|---|---|
r-devel-linux-x86_64-debian-clang | 1.1.4 | 16.80 | 22.80 | 39.60 | OK | |
r-devel-linux-x86_64-debian-gcc | 1.1.4 | 10.50 | 18.70 | 29.20 | OK | |
r-devel-linux-x86_64-fedora-clang | 1.1.4 | 44.00 | 21.31 | 65.31 | OK | |
r-devel-linux-x86_64-fedora-gcc | 1.1.4 | 34.00 | 23.23 | 57.23 | OK | |
r-devel-windows-x86_64 | 1.1.4 | 39.00 | 49.00 | 88.00 | OK | |
r-patched-linux-x86_64 | 1.1.4 | 15.44 | 20.67 | 36.11 | OK | |
r-release-linux-x86_64 | 1.1.4 | 15.16 | 20.63 | 35.79 | OK | |
r-release-macos-arm64 | 1.1.4 | 13.00 | 14.00 | 27.00 | OK | |
r-release-macos-x86_64 | 1.1.4 | 17.00 | 28.00 | 45.00 | OK | |
r-release-windows-x86_64 | 1.1.4 | 38.00 | 50.00 | 88.00 | OK | |
r-oldrel-macos-arm64 | 1.1.4 | 12.00 | 21.00 | 33.00 | NOTE | |
r-oldrel-macos-x86_64 | 1.1.4 | 17.00 | 29.00 | 46.00 | NOTE | |
r-oldrel-windows-x86_64 | 1.1.4 | 41.00 | 55.00 | 96.00 | NOTE |
Version: 1.1.4
Check: installed package size
Result: NOTE
installed size is 31.2Mb
sub-directories of 1Mb or more:
libs 1.6Mb
redengine 29.5Mb
Flavors: r-oldrel-macos-arm64, r-oldrel-macos-x86_64, r-oldrel-windows-x86_64
These binaries (installable software) and packages are in development.
They may not be fully stable and should be used with caution. We make no claims about them.