CRAN Package Check Results for Package redcas

Last updated on 2025-07-01 11:49:28 CEST.

Flavor Version Tinstall Tcheck Ttotal Status Flags
r-devel-linux-x86_64-debian-clang 0.1.1 2.90 38.04 40.94 NOTE
r-devel-linux-x86_64-debian-gcc 0.1.1 2.36 30.05 32.41 NOTE
r-devel-linux-x86_64-fedora-clang 0.1.1 63.14 NOTE
r-devel-linux-x86_64-fedora-gcc 0.1.1 60.35 NOTE
r-patched-linux-x86_64 NOTE
r-release-linux-x86_64 0.1.1 2.85 35.75 38.60 NOTE
r-release-macos-arm64 0.1.1 23.00 NOTE
r-release-macos-x86_64 0.1.1 39.00 NOTE
r-oldrel-macos-arm64 0.1.1 28.00 OK
r-oldrel-macos-x86_64 0.1.1 63.00 OK

Check Details

Version: 0.1.1
Check: DESCRIPTION meta-information
Result: NOTE Missing dependency on R >= 4.1.0 because package code uses the pipe |> or function shorthand \(...) syntax added in R 4.1.0. File(s) using such syntax: ‘redSolve.R’ Flavors: r-devel-linux-x86_64-debian-clang, r-devel-linux-x86_64-debian-gcc, r-devel-linux-x86_64-fedora-clang, r-devel-linux-x86_64-fedora-gcc, r-patched-linux-x86_64, r-release-linux-x86_64, r-release-macos-arm64, r-release-macos-x86_64

These binaries (installable software) and packages are in development.
They may not be fully stable and should be used with caution. We make no claims about them.