Last updated on 2025-02-16 08:50:58 CET.
Flavor | Version | Tinstall | Tcheck | Ttotal | Status | Flags |
---|---|---|---|---|---|---|
r-devel-linux-x86_64-debian-clang | 4.2.0 | 312.49 | 226.83 | 539.32 | NOTE | |
r-devel-linux-x86_64-debian-gcc | 4.2.0 | 216.45 | 159.00 | 375.45 | NOTE | |
r-devel-linux-x86_64-fedora-clang | 4.2.0 | 1016.05 | OK | |||
r-devel-linux-x86_64-fedora-gcc | 4.2.0 | 1033.32 | OK | |||
r-devel-macos-arm64 | 4.2.0 | 219.00 | OK | |||
r-devel-macos-x86_64 | 4.2.0 | 305.00 | OK | |||
r-devel-windows-x86_64 | 4.2.0 | 312.00 | 283.00 | 595.00 | NOTE | |
r-patched-linux-x86_64 | 4.2.0 | 296.65 | 213.73 | 510.38 | OK | |
r-release-linux-x86_64 | 4.2.0 | 306.20 | 214.00 | 520.20 | OK | |
r-release-macos-arm64 | 4.2.0 | 221.00 | NOTE | |||
r-release-macos-x86_64 | 4.2.0 | 260.00 | NOTE | |||
r-release-windows-x86_64 | 4.2.0 | 311.00 | 273.00 | 584.00 | NOTE | |
r-oldrel-macos-arm64 | 4.2.0 | 234.00 | NOTE | |||
r-oldrel-macos-x86_64 | 4.2.0 | 389.00 | NOTE | |||
r-oldrel-windows-x86_64 | 4.2.0 | 379.00 | 339.00 | 718.00 | NOTE |
Version: 4.2.0
Check: Rd cross-references
Result: NOTE
Found the following Rd file(s) with Rd \link{} targets missing package
anchors:
pullback.Rd: summarize
redist.compactness.Rd: prep_perims
redist_map.Rd: tibble
redist_plans.Rd: dplyr
scorers.Rd: prep_perims
Please provide package anchors for all Rd \link{} targets not in the
package itself and the base packages.
Flavors: r-devel-linux-x86_64-debian-clang, r-devel-linux-x86_64-debian-gcc, r-devel-windows-x86_64
Version: 4.2.0
Check: package dependencies
Result: NOTE
Package suggested but not available for checking: ‘Rmpi’
Flavors: r-release-macos-arm64, r-release-macos-x86_64, r-oldrel-macos-arm64, r-oldrel-macos-x86_64
Version: 4.2.0
Check: installed package size
Result: NOTE
installed size is 18.3Mb
sub-directories of 1Mb or more:
data 1.2Mb
libs 14.5Mb
Flavors: r-release-macos-arm64, r-release-macos-x86_64, r-release-windows-x86_64, r-oldrel-macos-arm64, r-oldrel-macos-x86_64, r-oldrel-windows-x86_64
These binaries (installable software) and packages are in development.
They may not be fully stable and should be used with caution. We make no claims about them.