Last updated on 2025-11-12 12:53:20 CET.
| Flavor | Version | Tinstall | Tcheck | Ttotal | Status | Flags |
|---|---|---|---|---|---|---|
| r-devel-linux-x86_64-debian-clang | 1.0.9 | 85.15 | 81.69 | 166.84 | OK | |
| r-devel-linux-x86_64-debian-gcc | 1.0.9 | 55.89 | 59.01 | 114.90 | OK | |
| r-devel-linux-x86_64-fedora-clang | 1.0.9 | 169.00 | 131.77 | 300.77 | OK | |
| r-devel-linux-x86_64-fedora-gcc | 1.0.9 | 335.00 | -29.08 | 305.92 | OK | |
| r-devel-windows-x86_64 | 1.0.9 | 106.00 | 122.00 | 228.00 | OK | |
| r-patched-linux-x86_64 | 1.0.9 | 83.04 | 76.03 | 159.07 | OK | |
| r-release-linux-x86_64 | 1.0.9 | 81.67 | 77.91 | 159.58 | OK | |
| r-release-macos-arm64 | 1.0.9 | 34.00 | 46.00 | 80.00 | OK | |
| r-release-macos-x86_64 | 1.0.9 | 34.00 | 86.00 | 120.00 | OK | |
| r-release-windows-x86_64 | 1.0.9 | 103.00 | 121.00 | 224.00 | OK | |
| r-oldrel-macos-arm64 | 1.0.9 | 30.00 | 51.00 | 81.00 | NOTE | |
| r-oldrel-macos-x86_64 | 1.0.9 | 41.00 | 92.00 | 133.00 | NOTE | |
| r-oldrel-windows-x86_64 | 1.0.9 | 116.00 | 148.00 | 264.00 | OK |
Version: 1.0.9
Check: installed package size
Result: NOTE
installed size is 5.3Mb
sub-directories of 1Mb or more:
libs 4.6Mb
Flavors: r-oldrel-macos-arm64, r-oldrel-macos-x86_64
These binaries (installable software) and packages are in development.
They may not be fully stable and should be used with caution. We make no claims about them.