Last updated on 2025-02-16 08:50:58 CET.
Flavor | Version | Tinstall | Tcheck | Ttotal | Status | Flags |
---|---|---|---|---|---|---|
r-devel-linux-x86_64-debian-clang | 1.0.7 | 79.43 | 74.26 | 153.69 | OK | |
r-devel-linux-x86_64-debian-gcc | 1.0.7 | 58.89 | 54.64 | 113.53 | OK | |
r-devel-linux-x86_64-fedora-clang | 1.0.7 | 299.01 | OK | |||
r-devel-linux-x86_64-fedora-gcc | 1.0.7 | 315.54 | OK | |||
r-devel-macos-arm64 | 1.0.7 | 80.00 | OK | |||
r-devel-macos-x86_64 | 1.0.7 | 126.00 | OK | |||
r-devel-windows-x86_64 | 1.0.7 | 91.00 | 125.00 | 216.00 | OK | |
r-patched-linux-x86_64 | 1.0.7 | 82.87 | 69.55 | 152.42 | OK | |
r-release-linux-x86_64 | 1.0.7 | 83.17 | 70.39 | 153.56 | OK | |
r-release-macos-arm64 | 1.0.7 | 82.00 | NOTE | |||
r-release-macos-x86_64 | 1.0.7 | 101.00 | NOTE | |||
r-release-windows-x86_64 | 1.0.7 | 90.00 | 114.00 | 204.00 | OK | |
r-oldrel-macos-arm64 | 1.0.7 | 115.00 | NOTE | |||
r-oldrel-macos-x86_64 | 1.0.7 | 128.00 | NOTE | |||
r-oldrel-windows-x86_64 | 1.0.7 | 107.00 | 134.00 | 241.00 | OK |
Version: 1.0.7
Check: installed package size
Result: NOTE
installed size is 5.0Mb
sub-directories of 1Mb or more:
libs 4.3Mb
Flavors: r-release-macos-arm64, r-release-macos-x86_64, r-oldrel-macos-arm64, r-oldrel-macos-x86_64
These binaries (installable software) and packages are in development.
They may not be fully stable and should be used with caution. We make no claims about them.