Last updated on 2025-02-02 14:48:32 CET.
Flavor | Version | Tinstall | Tcheck | Ttotal | Status | Flags |
---|---|---|---|---|---|---|
r-devel-linux-x86_64-debian-clang | 1.0.17-18 | 11.01 | 70.51 | 81.52 | NOTE | |
r-devel-linux-x86_64-debian-gcc | 1.0.17-18 | 9.09 | 52.86 | 61.95 | NOTE | |
r-devel-linux-x86_64-fedora-clang | 1.0.17-18 | 132.79 | NOTE | |||
r-devel-linux-x86_64-fedora-gcc | 1.0.17-18 | 141.17 | NOTE | |||
r-devel-windows-x86_64 | 1.0.17-18 | 32.00 | 230.00 | 262.00 | NOTE | |
r-patched-linux-x86_64 | 1.0.17-18 | 16.24 | 66.00 | 82.24 | OK | |
r-release-linux-x86_64 | 1.0.17-18 | 12.95 | 66.30 | 79.25 | OK | |
r-release-macos-arm64 | 1.0.17-18 | 46.00 | OK | |||
r-release-macos-x86_64 | 1.0.17-18 | 75.00 | OK | |||
r-release-windows-x86_64 | 1.0.17-18 | 34.00 | 220.00 | 254.00 | NOTE | |
r-oldrel-macos-arm64 | 1.0.17-18 | 57.00 | OK | |||
r-oldrel-macos-x86_64 | 1.0.17-18 | 95.00 | OK | |||
r-oldrel-windows-x86_64 | 1.0.17-18 | 37.00 | 245.00 | 282.00 | NOTE |
Version: 1.0.17-18
Check: compiled code
Result: NOTE
File ‘redland/libs/redland.so’:
Found non-API call to R: ‘SET_S4_OBJECT’
Compiled code should not call non-API entry points in R.
See ‘Writing portable packages’ in the ‘Writing R Extensions’ manual,
and section ‘Moving into C API compliance’ for issues with the use of
non-API entry points.
Flavors: r-devel-linux-x86_64-debian-clang, r-devel-linux-x86_64-debian-gcc, r-devel-linux-x86_64-fedora-clang, r-devel-linux-x86_64-fedora-gcc
Version: 1.0.17-18
Check: compiled code
Result: NOTE
File 'redland/libs/x64/redland.dll':
Found non-API call to R: 'SET_S4_OBJECT'
Compiled code should not call non-API entry points in R.
See 'Writing portable packages' in the 'Writing R Extensions' manual,
and section 'Moving into C API compliance' for issues with the use of
non-API entry points.
Flavor: r-devel-windows-x86_64
Version: 1.0.17-18
Check: installed package size
Result: NOTE
installed size is 13.1Mb
sub-directories of 1Mb or more:
libs 12.1Mb
Flavors: r-release-windows-x86_64, r-oldrel-windows-x86_64
These binaries (installable software) and packages are in development.
They may not be fully stable and should be used with caution. We make no claims about them.