Last updated on 2025-10-23 17:50:59 CEST.
Flavor | Version | Tinstall | Tcheck | Ttotal | Status | Flags |
---|---|---|---|---|---|---|
r-devel-linux-x86_64-debian-clang | 1.1.5 | 6.94 | 44.01 | 50.95 | NOTE | |
r-devel-linux-x86_64-debian-gcc | 1.1.5 | 4.78 | 31.89 | 36.67 | OK | |
r-devel-linux-x86_64-fedora-clang | 1.1.5 | 16.00 | 60.32 | 76.32 | OK | |
r-devel-linux-x86_64-fedora-gcc | 1.1.5 | 15.00 | 71.57 | 86.57 | OK | |
r-devel-windows-x86_64 | 1.1.5 | 21.00 | 75.00 | 96.00 | OK | |
r-patched-linux-x86_64 | 1.1.5 | 6.53 | 40.05 | 46.58 | OK | |
r-release-linux-x86_64 | 1.1.5 | 5.74 | 41.22 | 46.96 | OK | |
r-release-macos-arm64 | 1.1.5 | 10.00 | 66.00 | 76.00 | OK | |
r-release-macos-x86_64 | 1.1.5 | 15.00 | 80.00 | 95.00 | OK | |
r-release-windows-x86_64 | 1.1.5 | 20.00 | 76.00 | 96.00 | OK | |
r-oldrel-macos-arm64 | 1.1.5 | 8.00 | 37.00 | 45.00 | OK | |
r-oldrel-macos-x86_64 | 1.1.5 | 14.00 | 80.00 | 94.00 | OK | |
r-oldrel-windows-x86_64 | 1.1.5 | 21.00 | 84.00 | 105.00 | OK |
Version: 1.1.5
Check: HTML version of manual
Result: NOTE
Found the following HTML validation problems:
parse_redis_url.html:46:1 (parse_redis_url.Rd:10): Warning: missing </ul> before </div>
redis_api.html:57:1 (redis_api.Rd:17): Warning: missing </ul> before </div>
redis_multi.html:53:1 (redis_multi.Rd:12): Warning: missing </ul> before </div>
redis_scripts.html:59:1 (redis_scripts.Rd:14): Warning: missing </ul> before </div>
Flavor: r-devel-linux-x86_64-debian-clang
These binaries (installable software) and packages are in development.
They may not be fully stable and should be used with caution. We make no claims about them.