CRAN Package Check Results for Package redux

Last updated on 2025-02-16 08:50:58 CET.

Flavor Version Tinstall Tcheck Ttotal Status Flags
r-devel-linux-x86_64-debian-clang 1.1.4 6.56 38.46 45.02 NOTE
r-devel-linux-x86_64-debian-gcc 1.1.4 4.94 28.27 33.21 NOTE
r-devel-linux-x86_64-fedora-clang 1.1.4 75.44 OK
r-devel-linux-x86_64-fedora-gcc 1.1.4 84.17 OK
r-devel-macos-arm64 1.1.4 36.00 OK
r-devel-macos-x86_64 1.1.4 61.00 OK
r-devel-windows-x86_64 1.1.4 22.00 77.00 99.00 NOTE
r-patched-linux-x86_64 1.1.4 8.61 36.95 45.56 OK
r-release-linux-x86_64 1.1.4 5.37 36.15 41.52 OK
r-release-macos-arm64 1.1.4 36.00 OK
r-release-macos-x86_64 1.1.4 50.00 OK
r-release-windows-x86_64 1.1.4 21.00 80.00 101.00 OK
r-oldrel-macos-arm64 1.1.4 48.00 OK
r-oldrel-macos-x86_64 1.1.4 84.00 OK
r-oldrel-windows-x86_64 1.1.4 38.00 79.00 117.00 OK

Check Details

Version: 1.1.4
Check: Rd cross-references
Result: NOTE Found the following Rd file(s) with Rd \link{} targets missing package anchors: storr_redis_api.Rd: storr Please provide package anchors for all Rd \link{} targets not in the package itself and the base packages. Flavors: r-devel-linux-x86_64-debian-clang, r-devel-linux-x86_64-debian-gcc, r-devel-windows-x86_64

These binaries (installable software) and packages are in development.
They may not be fully stable and should be used with caution. We make no claims about them.