Last updated on 2024-07-27 15:50:31 CEST.
Flavor | Version | Tinstall | Tcheck | Ttotal | Status | Flags |
---|---|---|---|---|---|---|
r-devel-linux-x86_64-debian-clang | 0.1.1 | 6.95 | 86.66 | 93.61 | NOTE | |
r-devel-linux-x86_64-debian-gcc | 0.1.1 | NOTE | ||||
r-devel-linux-x86_64-fedora-clang | 0.1.1 | 117.80 | NOTE | |||
r-devel-linux-x86_64-fedora-gcc | 0.1.1 | 121.05 | NOTE | |||
r-devel-windows-x86_64 | 0.1.1 | 8.00 | 95.00 | 103.00 | NOTE | |
r-patched-linux-x86_64 | 0.1.1 | NOTE | ||||
r-release-linux-x86_64 | 0.1.1 | 3.99 | 82.36 | 86.35 | NOTE | |
r-release-macos-arm64 | 0.1.1 | 40.00 | NOTE | |||
r-release-macos-x86_64 | 0.1.1 | 56.00 | NOTE | |||
r-release-windows-x86_64 | 0.1.1 | 7.00 | 93.00 | 100.00 | NOTE | |
r-oldrel-macos-arm64 | 0.1.1 | 44.00 | OK | |||
r-oldrel-macos-x86_64 | 0.1.1 | 75.00 | OK | |||
r-oldrel-windows-x86_64 | 0.1.1 | 9.00 | 106.00 | 115.00 | OK |
Version: 0.1.1
Check: Rd files
Result: NOTE
checkRd: (-1) refdb_import_BOLD.Rd:63: Lost braces
63 | link[bold]{bold_stats} and \link[bold]{bold_seqspec}
| ^
Flavors: r-devel-linux-x86_64-debian-clang, r-devel-linux-x86_64-debian-gcc, r-devel-linux-x86_64-fedora-clang, r-devel-linux-x86_64-fedora-gcc, r-devel-windows-x86_64, r-patched-linux-x86_64, r-release-linux-x86_64, r-release-macos-arm64, r-release-macos-x86_64, r-release-windows-x86_64
These binaries (installable software) and packages are in development.
They may not be fully stable and should be used with caution. We make no claims about them.