CRAN Package Check Results for Package referenceIntervals

Last updated on 2025-05-01 14:49:20 CEST.

Flavor Version Tinstall Tcheck Ttotal Status Flags
r-devel-linux-x86_64-debian-clang 1.3.1 2.48 32.36 34.84 NOTE
r-devel-linux-x86_64-debian-gcc 1.3.1 1.72 23.75 25.47 NOTE
r-devel-linux-x86_64-fedora-clang 1.3.1 54.03 OK
r-devel-linux-x86_64-fedora-gcc 1.3.1 51.11 OK
r-devel-windows-x86_64 1.3.1 4.00 56.00 60.00 OK
r-patched-linux-x86_64 1.3.1 2.42 31.26 33.68 OK
r-release-linux-x86_64 OK
r-release-macos-arm64 1.3.1 20.00 OK
r-release-macos-x86_64 1.3.1 36.00 OK
r-release-windows-x86_64 1.3.1 5.00 65.00 70.00 OK
r-oldrel-macos-arm64 1.3.1 37.00 OK
r-oldrel-macos-x86_64 1.3.1 47.00 OK
r-oldrel-windows-x86_64 1.3.1 5.00 58.00 63.00 OK

Check Details

Version: 1.3.1
Check: CRAN incoming feasibility
Result: NOTE Maintainer: ‘Daniel Finnegan <dan.finnegan@gmail.com>’ No Authors@R field in DESCRIPTION. Please add one, modifying Authors@R: person(given = "Daniel", family = "Finnegan", role = c("aut", "cre"), email = "dan.finnegan@gmail.com") as necessary. Flavors: r-devel-linux-x86_64-debian-clang, r-devel-linux-x86_64-debian-gcc

Version: 1.3.1
Check: examples
Result: NOTE Examples with CPU (user + system) or elapsed time > 5s user system elapsed refLimit 4.552 0.057 5.737 referenceIntervals-package 4.444 0.024 5.177 Flavor: r-devel-linux-x86_64-debian-clang

These binaries (installable software) and packages are in development.
They may not be fully stable and should be used with caution. We make no claims about them.