Last updated on 2025-05-01 08:52:43 CEST.
Flavor | Version | Tinstall | Tcheck | Ttotal | Status | Flags |
---|---|---|---|---|---|---|
r-devel-linux-x86_64-debian-clang | 1.3.1 | 11.13 | 86.15 | 97.28 | NOTE | |
r-devel-linux-x86_64-debian-gcc | 1.3.1 | 6.99 | 66.08 | 73.07 | OK | |
r-devel-linux-x86_64-fedora-clang | 1.3.1 | 150.73 | NOTE | |||
r-devel-linux-x86_64-fedora-gcc | 1.3.1 | 143.93 | NOTE | |||
r-devel-windows-x86_64 | 1.3.1 | 11.00 | 106.00 | 117.00 | OK | |
r-patched-linux-x86_64 | 1.3.1 | 10.05 | 83.79 | 93.84 | OK | |
r-release-linux-x86_64 | OK | |||||
r-release-macos-arm64 | 1.3.1 | 45.00 | OK | |||
r-release-macos-x86_64 | 1.3.1 | 82.00 | OK | |||
r-release-windows-x86_64 | 1.3.1 | 12.00 | 112.00 | 124.00 | OK | |
r-oldrel-macos-arm64 | 1.3.1 | 49.00 | OK | |||
r-oldrel-macos-x86_64 | 1.3.1 | 94.00 | OK | |||
r-oldrel-windows-x86_64 | 1.3.1 | 15.00 | 122.00 | 137.00 | OK |
Version: 1.3.1
Check: examples
Result: NOTE
Examples with CPU (user + system) or elapsed time > 5s
user system elapsed
MCEMfit_CR 4.841 0.297 7.297
Flavor: r-devel-linux-x86_64-debian-clang
Version: 1.3.1
Check: examples
Result: NA
user system elapsed
MCEMfit_CR 4.316 0.022 5.143
OK
Flavor: r-devel-linux-x86_64-debian-gcc
Version: 1.3.1
Check: dependencies in R code
Result: NOTE
Namespaces in Imports field not imported from:
‘caret’ ‘dplyr’ ‘scales’
All declared Imports should be used.
Flavors: r-devel-linux-x86_64-fedora-clang, r-devel-linux-x86_64-fedora-gcc
These binaries (installable software) and packages are in development.
They may not be fully stable and should be used with caution. We make no claims about them.