Last updated on 2025-10-03 11:50:58 CEST.
Flavor | Version | Tinstall | Tcheck | Ttotal | Status | Flags |
---|---|---|---|---|---|---|
r-devel-linux-x86_64-debian-clang | 1.3.1 | 10.88 | 90.31 | 101.19 | OK | |
r-devel-linux-x86_64-debian-gcc | 1.3.1 | 7.56 | 64.33 | 71.89 | OK | |
r-devel-linux-x86_64-fedora-clang | 1.3.1 | 151.69 | NOTE | |||
r-devel-linux-x86_64-fedora-gcc | 1.3.1 | 159.25 | NOTE | |||
r-devel-windows-x86_64 | 1.3.1 | 12.00 | 102.00 | 114.00 | OK | |
r-patched-linux-x86_64 | 1.3.1 | 9.75 | 84.15 | 93.90 | OK | |
r-release-linux-x86_64 | 1.3.1 | 9.55 | 85.69 | 95.24 | OK | |
r-release-macos-arm64 | 1.3.1 | 45.00 | OK | |||
r-release-macos-x86_64 | 1.3.1 | 82.00 | OK | |||
r-release-windows-x86_64 | 1.3.1 | 11.00 | 100.00 | 111.00 | OK | |
r-oldrel-macos-arm64 | 1.3.1 | 49.00 | OK | |||
r-oldrel-macos-x86_64 | 1.3.1 | 94.00 | OK | |||
r-oldrel-windows-x86_64 | 1.3.1 | 16.00 | 125.00 | 141.00 | OK |
Version: 1.3.1
Check: dependencies in R code
Result: NOTE
Namespaces in Imports field not imported from:
‘caret’ ‘dplyr’ ‘scales’
All declared Imports should be used.
Flavors: r-devel-linux-x86_64-fedora-clang, r-devel-linux-x86_64-fedora-gcc
These binaries (installable software) and packages are in development.
They may not be fully stable and should be used with caution. We make no claims about them.