Last updated on 2024-07-27 15:50:31 CEST.
Flavor | Version | Tinstall | Tcheck | Ttotal | Status | Flags |
---|---|---|---|---|---|---|
r-devel-linux-x86_64-debian-clang | 0.3.3 | 3.25 | 47.32 | 50.57 | NOTE | |
r-devel-linux-x86_64-debian-gcc | 0.3.3 | NOTE | ||||
r-devel-linux-x86_64-fedora-clang | 0.3.3 | 66.57 | NOTE | |||
r-devel-linux-x86_64-fedora-gcc | 0.3.3 | 74.82 | NOTE | |||
r-devel-windows-x86_64 | 0.3.3 | 6.00 | 56.00 | 62.00 | NOTE | |
r-patched-linux-x86_64 | 0.3.3 | NOTE | ||||
r-release-linux-x86_64 | 0.3.3 | 4.54 | 45.01 | 49.55 | NOTE | |
r-release-macos-arm64 | 0.3.3 | 30.00 | NOTE | |||
r-release-macos-x86_64 | 0.3.3 | 43.00 | NOTE | |||
r-release-windows-x86_64 | 0.3.3 | 5.00 | 55.00 | 60.00 | NOTE | |
r-oldrel-macos-arm64 | 0.3.3 | 28.00 | NOTE | |||
r-oldrel-macos-x86_64 | 0.3.3 | 43.00 | NOTE | |||
r-oldrel-windows-x86_64 | 0.3.3 | 8.00 | 61.00 | 69.00 | NOTE |
Version: 0.3.3
Check: LazyData
Result: NOTE
'LazyData' is specified without a 'data' directory
Flavors: r-devel-linux-x86_64-debian-clang, r-devel-linux-x86_64-debian-gcc, r-devel-linux-x86_64-fedora-clang, r-devel-linux-x86_64-fedora-gcc, r-devel-windows-x86_64, r-patched-linux-x86_64, r-release-linux-x86_64, r-release-macos-arm64, r-release-macos-x86_64, r-release-windows-x86_64, r-oldrel-macos-arm64, r-oldrel-macos-x86_64, r-oldrel-windows-x86_64
These binaries (installable software) and packages are in development.
They may not be fully stable and should be used with caution. We make no claims about them.