CRAN Package Check Results for Package refuge

Last updated on 2025-05-08 04:52:16 CEST.

Flavor Version Tinstall Tcheck Ttotal Status Flags
r-devel-linux-x86_64-debian-clang 0.3.3 4.06 39.02 43.08 OK
r-devel-linux-x86_64-debian-gcc 0.3.3 2.96 28.97 31.93 OK
r-devel-linux-x86_64-fedora-clang 0.3.3 65.72 OK
r-devel-linux-x86_64-fedora-gcc 0.3.3 77.62 OK
r-devel-windows-x86_64 0.3.3 5.00 57.00 62.00 OK
r-patched-linux-x86_64 0.3.3 3.55 35.20 38.75 OK
r-release-linux-x86_64 0.3.3 3.05 35.31 38.36 OK
r-release-macos-arm64 0.3.3 29.00 OK
r-release-macos-x86_64 0.3.3 51.00 OK
r-release-windows-x86_64 0.3.3 6.00 58.00 64.00 OK
r-oldrel-macos-arm64 0.3.3 30.00 NOTE
r-oldrel-macos-x86_64 0.3.3 43.00 NOTE
r-oldrel-windows-x86_64 0.3.3 7.00 64.00 71.00 NOTE

Check Details

Version: 0.3.3
Check: LazyData
Result: NOTE 'LazyData' is specified without a 'data' directory Flavors: r-oldrel-macos-arm64, r-oldrel-macos-x86_64, r-oldrel-windows-x86_64

These binaries (installable software) and packages are in development.
They may not be fully stable and should be used with caution. We make no claims about them.