Last updated on 2025-05-08 04:52:16 CEST.
Flavor | Version | Tinstall | Tcheck | Ttotal | Status | Flags |
---|---|---|---|---|---|---|
r-devel-linux-x86_64-debian-clang | 1.1.1 | 10.51 | 116.82 | 127.33 | NOTE | |
r-devel-linux-x86_64-debian-gcc | 1.1.1 | 6.85 | 78.00 | 84.85 | NOTE | |
r-devel-linux-x86_64-fedora-clang | 1.1.1 | 212.25 | OK | |||
r-devel-linux-x86_64-fedora-gcc | 1.1.1 | 227.16 | OK | |||
r-devel-windows-x86_64 | 1.1.1 | 11.00 | 174.00 | 185.00 | OK | |
r-patched-linux-x86_64 | 1.1.1 | 10.26 | 109.91 | 120.17 | OK | |
r-release-linux-x86_64 | 1.1.1 | 8.44 | 110.88 | 119.32 | OK | |
r-release-macos-arm64 | 1.1.1 | 73.00 | OK | |||
r-release-macos-x86_64 | 1.1.1 | 154.00 | OK | |||
r-release-windows-x86_64 | 1.1.1 | 12.00 | 169.00 | 181.00 | OK | |
r-oldrel-macos-arm64 | 1.1.1 | 62.00 | OK | |||
r-oldrel-macos-x86_64 | 1.1.1 | 126.00 | OK | |||
r-oldrel-windows-x86_64 | 1.1.1 | 15.00 | 210.00 | 225.00 | OK |
Version: 1.1.1
Check: CRAN incoming feasibility
Result: NOTE
Maintainer: ‘William Belzak <wbelzak@gmail.com>’
No Authors@R field in DESCRIPTION.
Please add one, modifying
Authors@R: person(given = "William",
family = "Belzak",
role = c("aut", "cre"),
email = "wbelzak@gmail.com")
as necessary.
Flavors: r-devel-linux-x86_64-debian-clang, r-devel-linux-x86_64-debian-gcc
These binaries (installable software) and packages are in development.
They may not be fully stable and should be used with caution. We make no claims about them.