Last updated on 2025-10-23 09:50:56 CEST.
Flavor | Version | Tinstall | Tcheck | Ttotal | Status | Flags |
---|---|---|---|---|---|---|
r-devel-linux-x86_64-debian-clang | 1.1.1 | 9.75 | 118.25 | 128.00 | NOTE | |
r-devel-linux-x86_64-debian-gcc | 1.1.1 | 5.34 | 78.39 | 83.73 | NOTE | |
r-devel-linux-x86_64-fedora-clang | 1.1.1 | 63.00 | 144.92 | 207.92 | OK | |
r-devel-linux-x86_64-fedora-gcc | 1.1.1 | 21.00 | 198.27 | 219.27 | OK | |
r-devel-windows-x86_64 | 1.1.1 | 11.00 | 172.00 | 183.00 | OK | |
r-patched-linux-x86_64 | 1.1.1 | 10.96 | 114.13 | 125.09 | OK | |
r-release-linux-x86_64 | 1.1.1 | 7.67 | 112.84 | 120.51 | OK | |
r-release-macos-arm64 | 1.1.1 | 4.00 | 69.00 | 73.00 | OK | |
r-release-macos-x86_64 | 1.1.1 | 10.00 | 144.00 | 154.00 | OK | |
r-release-windows-x86_64 | 1.1.1 | 10.00 | 171.00 | 181.00 | OK | |
r-oldrel-macos-arm64 | 1.1.1 | 4.00 | 58.00 | 62.00 | OK | |
r-oldrel-macos-x86_64 | 1.1.1 | 6.00 | 120.00 | 126.00 | OK | |
r-oldrel-windows-x86_64 | 1.1.1 | 15.00 | 211.00 | 226.00 | OK |
Version: 1.1.1
Check: CRAN incoming feasibility
Result: NOTE
Maintainer: ‘William Belzak <wbelzak@gmail.com>’
No Authors@R field in DESCRIPTION.
Please add one, modifying
Authors@R: person(given = "William",
family = "Belzak",
role = c("aut", "cre"),
email = "wbelzak@gmail.com")
as necessary.
Flavors: r-devel-linux-x86_64-debian-clang, r-devel-linux-x86_64-debian-gcc
These binaries (installable software) and packages are in development.
They may not be fully stable and should be used with caution. We make no claims about them.