Last updated on 2025-07-02 03:50:50 CEST.
Flavor | Version | Tinstall | Tcheck | Ttotal | Status | Flags |
---|---|---|---|---|---|---|
r-devel-linux-x86_64-debian-clang | 1.1.1 | 10.40 | 116.58 | 126.98 | NOTE | |
r-devel-linux-x86_64-debian-gcc | 1.1.1 | 7.17 | 76.94 | 84.11 | NOTE | |
r-devel-linux-x86_64-fedora-clang | 1.1.1 | 207.27 | OK | |||
r-devel-linux-x86_64-fedora-gcc | 1.1.1 | 217.51 | OK | |||
r-devel-windows-x86_64 | 1.1.1 | 11.00 | 169.00 | 180.00 | OK | |
r-patched-linux-x86_64 | OK | |||||
r-release-linux-x86_64 | 1.1.1 | 9.83 | 111.32 | 121.15 | OK | |
r-release-macos-arm64 | 1.1.1 | 73.00 | OK | |||
r-release-macos-x86_64 | 1.1.1 | 154.00 | OK | |||
r-release-windows-x86_64 | 1.1.1 | 11.00 | 173.00 | 184.00 | OK | |
r-oldrel-macos-arm64 | 1.1.1 | 62.00 | OK | |||
r-oldrel-macos-x86_64 | 1.1.1 | 126.00 | OK | |||
r-oldrel-windows-x86_64 | 1.1.1 | 15.00 | 211.00 | 226.00 | OK |
Version: 1.1.1
Check: CRAN incoming feasibility
Result: NOTE
Maintainer: ‘William Belzak <wbelzak@gmail.com>’
No Authors@R field in DESCRIPTION.
Please add one, modifying
Authors@R: person(given = "William",
family = "Belzak",
role = c("aut", "cre"),
email = "wbelzak@gmail.com")
as necessary.
Flavors: r-devel-linux-x86_64-debian-clang, r-devel-linux-x86_64-debian-gcc
These binaries (installable software) and packages are in development.
They may not be fully stable and should be used with caution. We make no claims about them.