CRAN Package Check Results for Package regDIF

Last updated on 2025-11-13 15:51:22 CET.

Flavor Version Tinstall Tcheck Ttotal Status Flags
r-devel-linux-x86_64-debian-clang 1.1.1 9.09 117.86 126.95 NOTE
r-devel-linux-x86_64-debian-gcc 1.1.1 6.24 78.39 84.63 NOTE
r-devel-linux-x86_64-fedora-clang 1.1.1 19.00 190.90 209.90 OK
r-devel-linux-x86_64-fedora-gcc 1.1.1 42.00 193.94 235.94 OK
r-devel-windows-x86_64 1.1.1 11.00 169.00 180.00 OK
r-patched-linux-x86_64 1.1.1 7.61 112.67 120.28 OK
r-release-linux-x86_64 1.1.1 8.64 114.11 122.75 OK
r-release-macos-arm64 1.1.1 4.00 69.00 73.00 OK
r-release-macos-x86_64 1.1.1 10.00 144.00 154.00 OK
r-release-windows-x86_64 1.1.1 11.00 163.00 174.00 OK
r-oldrel-macos-arm64 1.1.1 4.00 58.00 62.00 OK
r-oldrel-macos-x86_64 1.1.1 6.00 120.00 126.00 OK
r-oldrel-windows-x86_64 1.1.1 14.00 206.00 220.00 OK

Check Details

Version: 1.1.1
Check: CRAN incoming feasibility
Result: NOTE Maintainer: ‘William Belzak <wbelzak@gmail.com>’ No Authors@R field in DESCRIPTION. Please add one, modifying Authors@R: person(given = "William", family = "Belzak", role = c("aut", "cre"), email = "wbelzak@gmail.com") as necessary. Flavors: r-devel-linux-x86_64-debian-clang, r-devel-linux-x86_64-debian-gcc

These binaries (installable software) and packages are in development.
They may not be fully stable and should be used with caution. We make no claims about them.