CRAN Package Check Results for Package regRSM

Last updated on 2025-05-01 08:52:43 CEST.

Flavor Version Tinstall Tcheck Ttotal Status Flags
r-devel-linux-x86_64-debian-clang 0.5 3.20 48.52 51.72 NOTE
r-devel-linux-x86_64-debian-gcc 0.5 2.57 36.66 39.23 NOTE
r-devel-linux-x86_64-fedora-clang 0.5 82.44 OK
r-devel-linux-x86_64-fedora-gcc 0.5 80.37 OK
r-devel-windows-x86_64 0.5 3.00 65.00 68.00 OK
r-patched-linux-x86_64 0.5 3.01 47.68 50.69 OK
r-release-linux-x86_64 OK
r-release-macos-arm64 0.5 5.00 ERROR
r-release-macos-x86_64 0.5 6.00 ERROR
r-release-windows-x86_64 0.5 4.00 69.00 73.00 OK
r-oldrel-macos-arm64 0.5 10.00 ERROR
r-oldrel-macos-x86_64 0.5 11.00 ERROR
r-oldrel-windows-x86_64 0.5 4.00 68.00 72.00 OK

Check Details

Version: 0.5
Check: CRAN incoming feasibility
Result: NOTE Maintainer: ‘Pawel Teisseyre <teisseyrep@ipipan.waw.pl>’ No Authors@R field in DESCRIPTION. Please add one, modifying Authors@R: c(person(given = "Pawel", family = "Teisseyre", role = c("aut", "cre"), email = "teisseyrep@ipipan.waw.pl"), person(given = c("Robert", "A."), family = "Klopotek", role = "aut")) as necessary. Flavors: r-devel-linux-x86_64-debian-clang, r-devel-linux-x86_64-debian-gcc

Version: 0.5
Check: examples
Result: NOTE Examples with CPU (user + system) or elapsed time > 5s user system elapsed regRSM 4.048 0.016 5.727 plot.regRSM 3.866 0.009 5.039 Flavor: r-devel-linux-x86_64-debian-clang

Version: 0.5
Check: package dependencies
Result: ERROR Package required but not available: ‘Rmpi’ See section ‘The DESCRIPTION file’ in the ‘Writing R Extensions’ manual. Flavors: r-release-macos-arm64, r-release-macos-x86_64, r-oldrel-macos-arm64, r-oldrel-macos-x86_64

These binaries (installable software) and packages are in development.
They may not be fully stable and should be used with caution. We make no claims about them.