CRAN Package Check Results for Package regexPipes

Last updated on 2025-02-16 08:50:58 CET.

Flavor Version Tinstall Tcheck Ttotal Status Flags
r-devel-linux-x86_64-debian-clang 0.0.1 1.49 15.94 17.43 OK
r-devel-linux-x86_64-debian-gcc 0.0.1 1.30 13.67 14.97 OK
r-devel-linux-x86_64-fedora-clang 0.0.1 29.04 OK
r-devel-linux-x86_64-fedora-gcc 0.0.1 27.06 OK
r-devel-macos-arm64 0.0.1 13.00 OK
r-devel-macos-x86_64 0.0.1 34.00 OK
r-devel-windows-x86_64 0.0.1 2.00 38.00 40.00 OK
r-patched-linux-x86_64 0.0.1 1.56 15.42 16.98 NOTE
r-release-linux-x86_64 0.0.1 1.37 15.30 16.67 NOTE
r-release-macos-arm64 0.0.1 12.00 NOTE
r-release-macos-x86_64 0.0.1 21.00 NOTE
r-release-windows-x86_64 0.0.1 2.00 42.00 44.00 NOTE
r-oldrel-macos-arm64 0.0.1 15.00 NOTE
r-oldrel-macos-x86_64 0.0.1 20.00 NOTE
r-oldrel-windows-x86_64 0.0.1 2.00 40.00 42.00 NOTE

Check Details

Version: 0.0.1
Check: LazyData
Result: NOTE 'LazyData' is specified without a 'data' directory Flavors: r-patched-linux-x86_64, r-release-linux-x86_64, r-release-macos-arm64, r-release-macos-x86_64, r-release-windows-x86_64, r-oldrel-macos-arm64, r-oldrel-macos-x86_64, r-oldrel-windows-x86_64

These binaries (installable software) and packages are in development.
They may not be fully stable and should be used with caution. We make no claims about them.