CRAN Package Check Results for Package regexSelect

Last updated on 2025-07-02 03:50:50 CEST.

Flavor Version Tinstall Tcheck Ttotal Status Flags
r-devel-linux-x86_64-debian-clang 1.0.0 3.29 31.27 34.56 OK
r-devel-linux-x86_64-debian-gcc 1.0.0 2.15 24.69 26.84 OK
r-devel-linux-x86_64-fedora-clang 1.0.0 51.25 OK
r-devel-linux-x86_64-fedora-gcc 1.0.0 49.41 OK
r-devel-windows-x86_64 1.0.0 5.00 55.00 60.00 OK
r-patched-linux-x86_64 OK
r-release-linux-x86_64 1.0.0 3.27 28.60 31.87 OK
r-release-macos-arm64 1.0.0 25.00 OK
r-release-macos-x86_64 1.0.0 32.00 OK
r-release-windows-x86_64 1.0.0 5.00 54.00 59.00 OK
r-oldrel-macos-arm64 1.0.0 20.00 NOTE
r-oldrel-macos-x86_64 1.0.0 33.00 NOTE
r-oldrel-windows-x86_64 1.0.0 6.00 57.00 63.00 NOTE

Check Details

Version: 1.0.0
Check: LazyData
Result: NOTE 'LazyData' is specified without a 'data' directory Flavors: r-oldrel-macos-arm64, r-oldrel-macos-x86_64, r-oldrel-windows-x86_64

These binaries (installable software) and packages are in development.
They may not be fully stable and should be used with caution. We make no claims about them.