Last updated on 2025-11-11 17:50:11 CET.
| Flavor | Version | Tinstall | Tcheck | Ttotal | Status | Flags |
|---|---|---|---|---|---|---|
| r-devel-linux-x86_64-debian-clang | 1.0.0 | 3.17 | 33.01 | 36.18 | OK | |
| r-devel-linux-x86_64-debian-gcc | 1.0.0 | 2.35 | 25.30 | 27.65 | OK | |
| r-devel-linux-x86_64-fedora-clang | 1.0.0 | 52.32 | OK | |||
| r-devel-linux-x86_64-fedora-gcc | 1.0.0 | 20.00 | 32.59 | 52.59 | OK | |
| r-devel-windows-x86_64 | 1.0.0 | 6.00 | 55.00 | 61.00 | OK | |
| r-patched-linux-x86_64 | 1.0.0 | 3.36 | 30.32 | 33.68 | OK | |
| r-release-linux-x86_64 | 1.0.0 | 3.27 | 30.62 | 33.89 | OK | |
| r-release-macos-arm64 | 1.0.0 | 2.00 | 23.00 | 25.00 | OK | |
| r-release-macos-x86_64 | 1.0.0 | 2.00 | 30.00 | 32.00 | OK | |
| r-release-windows-x86_64 | 1.0.0 | 6.00 | 52.00 | 58.00 | OK | |
| r-oldrel-macos-arm64 | 1.0.0 | 2.00 | 18.00 | 20.00 | NOTE | |
| r-oldrel-macos-x86_64 | 1.0.0 | 2.00 | 31.00 | 33.00 | NOTE | |
| r-oldrel-windows-x86_64 | 1.0.0 | 7.00 | 58.00 | 65.00 | NOTE |
Version: 1.0.0
Check: LazyData
Result: NOTE
'LazyData' is specified without a 'data' directory
Flavors: r-oldrel-macos-arm64, r-oldrel-macos-x86_64, r-oldrel-windows-x86_64
These binaries (installable software) and packages are in development.
They may not be fully stable and should be used with caution. We make no claims about them.