Last updated on 2025-02-02 14:48:32 CET.
Flavor | Version | Tinstall | Tcheck | Ttotal | Status | Flags |
---|---|---|---|---|---|---|
r-devel-linux-x86_64-debian-clang | 0.1.2 | 5.04 | 43.22 | 48.26 | NOTE | |
r-devel-linux-x86_64-debian-gcc | 0.1.2 | 3.66 | 32.33 | 35.99 | NOTE | |
r-devel-linux-x86_64-fedora-clang | 0.1.2 | 79.67 | NOTE | |||
r-devel-linux-x86_64-fedora-gcc | 0.1.2 | 91.52 | NOTE | |||
r-devel-windows-x86_64 | 0.1.2 | 7.00 | 58.00 | 65.00 | NOTE | |
r-patched-linux-x86_64 | 0.1.2 | 4.75 | 39.98 | 44.73 | OK | |
r-release-linux-x86_64 | 0.1.2 | 4.23 | 40.48 | 44.71 | OK | |
r-release-macos-arm64 | 0.1.2 | 32.00 | OK | |||
r-release-macos-x86_64 | 0.1.2 | 47.00 | OK | |||
r-release-windows-x86_64 | 0.1.2 | 8.00 | 61.00 | 69.00 | OK | |
r-oldrel-macos-arm64 | 0.1.2 | 36.00 | OK | |||
r-oldrel-macos-x86_64 | 0.1.2 | 60.00 | OK | |||
r-oldrel-windows-x86_64 | 0.1.2 | 9.00 | 68.00 | 77.00 | OK |
Version: 0.1.2
Check: DESCRIPTION meta-information
Result: NOTE
Missing dependency on R >= 4.1.0 because package code uses the pipe
|> or function shorthand \(...) syntax added in R 4.1.0.
File(s) using such syntax:
‘regioncode.R’
Flavors: r-devel-linux-x86_64-debian-clang, r-devel-linux-x86_64-debian-gcc, r-devel-linux-x86_64-fedora-clang, r-devel-linux-x86_64-fedora-gcc, r-devel-windows-x86_64
These binaries (installable software) and packages are in development.
They may not be fully stable and should be used with caution. We make no claims about them.