Last updated on 2025-05-01 08:52:43 CEST.
Flavor | Version | Tinstall | Tcheck | Ttotal | Status | Flags |
---|---|---|---|---|---|---|
r-devel-linux-x86_64-debian-clang | 2.1.0 | 46.87 | 709.44 | 756.31 | NOTE | |
r-devel-linux-x86_64-debian-gcc | 2.1.0 | 33.08 | 448.05 | 481.13 | NOTE | |
r-devel-linux-x86_64-fedora-clang | 2.1.0 | 1313.58 | NOTE | |||
r-devel-linux-x86_64-fedora-gcc | 2.1.0 | 1232.82 | NOTE | |||
r-devel-windows-x86_64 | 2.1.0 | 55.00 | 689.00 | 744.00 | NOTE | |
r-patched-linux-x86_64 | 2.1.0 | 48.19 | 690.59 | 738.78 | NOTE | |
r-release-linux-x86_64 | NOTE | |||||
r-release-macos-arm64 | 2.1.0 | 353.00 | NOTE | |||
r-release-macos-x86_64 | 2.1.0 | 747.00 | NOTE | |||
r-release-windows-x86_64 | 2.1.0 | 55.00 | 686.00 | 741.00 | NOTE | |
r-oldrel-macos-arm64 | 2.1.0 | 377.00 | NOTE | |||
r-oldrel-macos-x86_64 | 2.1.0 | 543.00 | NOTE | |||
r-oldrel-windows-x86_64 | 2.1.0 | 61.00 | 1110.00 | 1171.00 | NOTE |
Version: 2.1.0
Check: C++ specification
Result: NOTE
Specified C++11: please drop specification unless essential
Flavors: r-devel-linux-x86_64-debian-clang, r-devel-linux-x86_64-debian-gcc, r-devel-linux-x86_64-fedora-clang, r-devel-linux-x86_64-fedora-gcc, r-devel-windows-x86_64, r-patched-linux-x86_64, r-release-linux-x86_64, r-release-macos-arm64, r-release-macos-x86_64, r-release-windows-x86_64, r-oldrel-macos-arm64, r-oldrel-macos-x86_64, r-oldrel-windows-x86_64
Version: 2.1.0
Check: Rd cross-references
Result: NOTE
Found the following Rd file(s) with Rd \link{} targets missing package
anchors:
gfpca_twoStep.Rd: gamm4
Please provide package anchors for all Rd \link{} targets not in the
package itself and the base packages.
Flavors: r-devel-linux-x86_64-debian-clang, r-devel-linux-x86_64-debian-gcc, r-devel-windows-x86_64, r-patched-linux-x86_64, r-release-linux-x86_64, r-release-windows-x86_64
These binaries (installable software) and packages are in development.
They may not be fully stable and should be used with caution. We make no claims about them.