CRAN Package Check Results for Package registry

Last updated on 2025-11-12 18:50:43 CET.

Flavor Version Tinstall Tcheck Ttotal Status Flags
r-devel-linux-x86_64-debian-clang 0.5-1 1.82 29.59 31.41 NOTE
r-devel-linux-x86_64-debian-gcc 0.5-1 1.51 23.38 24.89 NOTE
r-devel-linux-x86_64-fedora-clang 0.5-1 44.98 OK
r-devel-linux-x86_64-fedora-gcc 0.5-1 60.41 OK
r-devel-windows-x86_64 0.5-1 4.00 64.00 68.00 OK
r-patched-linux-x86_64 0.5-1 1.84 28.05 29.89 OK
r-release-linux-x86_64 0.5-1 1.82 27.99 29.81 OK
r-release-macos-arm64 0.5-1 1.00 28.00 29.00 OK
r-release-macos-x86_64 0.5-1 2.00 46.00 48.00 OK
r-release-windows-x86_64 0.5-1 3.00 61.00 64.00 OK
r-oldrel-macos-arm64 0.5-1 1.00 28.00 29.00 OK
r-oldrel-macos-x86_64 0.5-1 2.00 35.00 37.00 OK
r-oldrel-windows-x86_64 0.5-1 3.00 62.00 65.00 OK

Check Details

Version: 0.5-1
Check: CRAN incoming feasibility
Result: NOTE Maintainer: ‘David Meyer <David.Meyer@R-project.org>’ No Authors@R field in DESCRIPTION. Please add one, modifying Authors@R: person(given = "David", family = "Meyer", role = c("aut", "cre"), email = "david.meyer@r-project.org") as necessary. Flavors: r-devel-linux-x86_64-debian-clang, r-devel-linux-x86_64-debian-gcc

These binaries (installable software) and packages are in development.
They may not be fully stable and should be used with caution. We make no claims about them.