Last updated on 2024-07-27 15:50:31 CEST.
Flavor | Version | Tinstall | Tcheck | Ttotal | Status | Flags |
---|---|---|---|---|---|---|
r-devel-linux-x86_64-debian-clang | 2.1.0 | 56.14 | 87.31 | 143.45 | NOTE | |
r-devel-linux-x86_64-debian-gcc | 2.1.0 | NOTE | ||||
r-devel-linux-x86_64-fedora-clang | 2.1.0 | 207.05 | NOTE | |||
r-devel-linux-x86_64-fedora-gcc | 2.1.0 | 211.85 | NOTE | |||
r-devel-windows-x86_64 | 2.1.0 | 42.00 | 109.00 | 151.00 | NOTE | |
r-patched-linux-x86_64 | 2.1.0 | NOTE | ||||
r-release-linux-x86_64 | 2.1.0 | 47.58 | 91.04 | 138.62 | NOTE | |
r-release-macos-arm64 | 2.1.0 | 74.00 | NOTE | |||
r-release-macos-x86_64 | 2.1.0 | 103.00 | NOTE | |||
r-release-windows-x86_64 | 2.1.0 | 49.00 | 108.00 | 157.00 | NOTE | |
r-oldrel-macos-arm64 | 2.1.0 | 85.00 | NOTE | |||
r-oldrel-macos-x86_64 | 2.1.0 | 98.00 | NOTE | |||
r-oldrel-windows-x86_64 | 2.1.0 | 50.00 | 122.00 | 172.00 | NOTE |
Version: 2.1.0
Check: C++ specification
Result: NOTE
Specified C++11: please drop specification unless essential
Flavors: r-devel-linux-x86_64-debian-clang, r-devel-linux-x86_64-debian-gcc, r-devel-linux-x86_64-fedora-clang, r-devel-linux-x86_64-fedora-gcc, r-devel-windows-x86_64, r-patched-linux-x86_64, r-release-linux-x86_64, r-release-macos-arm64, r-release-macos-x86_64, r-release-windows-x86_64, r-oldrel-macos-arm64, r-oldrel-macos-x86_64, r-oldrel-windows-x86_64
Version: 2.1.0
Check: Rd cross-references
Result: NOTE
Found the following Rd file(s) with Rd \link{} targets missing package
anchors:
mvregmed.graph.attributes.Rd: graph_from_edgelist
Please provide package anchors for all Rd \link{} targets not in the
package itself and the base packages.
Flavors: r-devel-linux-x86_64-debian-gcc, r-devel-windows-x86_64
These binaries (installable software) and packages are in development.
They may not be fully stable and should be used with caution. We make no claims about them.