Last updated on 2025-10-04 11:50:46 CEST.
Flavor | Version | Tinstall | Tcheck | Ttotal | Status | Flags |
---|---|---|---|---|---|---|
r-devel-linux-x86_64-debian-clang | 1.0.1 | 8.15 | 196.10 | 204.25 | OK | |
r-devel-linux-x86_64-debian-gcc | 1.0.1 | 5.81 | 134.65 | 140.46 | OK | |
r-devel-linux-x86_64-fedora-clang | 1.0.1 | 314.97 | NOTE | |||
r-devel-linux-x86_64-fedora-gcc | 1.0.1 | 363.19 | NOTE | |||
r-devel-windows-x86_64 | 1.0.1 | 10.00 | 196.00 | 206.00 | OK | |
r-patched-linux-x86_64 | 1.0.1 | 9.44 | 185.82 | 195.26 | OK | |
r-release-linux-x86_64 | 1.0.1 | 7.91 | 188.24 | 196.15 | OK | |
r-release-macos-arm64 | 1.0.1 | 131.00 | OK | |||
r-release-macos-x86_64 | 1.0.1 | 229.00 | OK | |||
r-release-windows-x86_64 | 1.0.1 | 10.00 | 197.00 | 207.00 | OK | |
r-oldrel-macos-arm64 | 1.0.1 | 114.00 | OK | |||
r-oldrel-macos-x86_64 | 1.0.1 | 188.00 | OK | |||
r-oldrel-windows-x86_64 | 1.0.1 | 15.00 | 257.00 | 272.00 | OK |
Version: 1.0.1
Check: dependencies in R code
Result: NOTE
Namespace in Imports field not imported from: ‘Deriv’
All declared Imports should be used.
Flavors: r-devel-linux-x86_64-fedora-clang, r-devel-linux-x86_64-fedora-gcc
These binaries (installable software) and packages are in development.
They may not be fully stable and should be used with caution. We make no claims about them.