Last updated on 2024-07-27 15:50:31 CEST.
Flavor | Version | Tinstall | Tcheck | Ttotal | Status | Flags |
---|---|---|---|---|---|---|
r-devel-linux-x86_64-debian-clang | 1.6.1 | 43.00 | 30.63 | 73.63 | OK | |
r-devel-linux-x86_64-debian-gcc | 1.6.1 | OK | ||||
r-devel-linux-x86_64-fedora-clang | 1.6.1 | 100.57 | NOTE | |||
r-devel-linux-x86_64-fedora-gcc | 1.6.1 | 109.61 | OK | |||
r-devel-windows-x86_64 | 1.6.1 | 44.00 | 69.00 | 113.00 | NOTE | |
r-patched-linux-x86_64 | 1.6.1 | OK | ||||
r-release-linux-x86_64 | 1.6.1 | 41.57 | 29.67 | 71.24 | OK | |
r-release-macos-arm64 | 1.6.1 | 28.00 | NOTE | |||
r-release-macos-x86_64 | 1.6.1 | 47.00 | NOTE | |||
r-release-windows-x86_64 | 1.6.1 | 47.00 | 63.00 | 110.00 | NOTE | |
r-oldrel-macos-arm64 | 1.6.1 | 33.00 | NOTE | |||
r-oldrel-macos-x86_64 | 1.6.1 | 73.00 | NOTE | |||
r-oldrel-windows-x86_64 | 1.6.1 | 43.00 | 77.00 | 120.00 | NOTE |
Version: 1.6.1
Check: installed package size
Result: NOTE
installed size is 7.1Mb
sub-directories of 1Mb or more:
include 6.4Mb
Flavors: r-devel-linux-x86_64-fedora-clang, r-devel-windows-x86_64, r-release-macos-arm64, r-release-macos-x86_64, r-release-windows-x86_64, r-oldrel-macos-arm64, r-oldrel-macos-x86_64, r-oldrel-windows-x86_64
These binaries (installable software) and packages are in development.
They may not be fully stable and should be used with caution. We make no claims about them.