CRAN Package Check Results for Package regrap

Last updated on 2025-11-09 17:49:51 CET.

Flavor Version Tinstall Tcheck Ttotal Status Flags
r-devel-linux-x86_64-debian-clang 1.0.1 2.04 20.92 22.96 OK
r-devel-linux-x86_64-debian-gcc 1.0.1 1.54 16.67 18.21 OK
r-devel-linux-x86_64-fedora-clang 1.0.1 33.54 OK
r-devel-linux-x86_64-fedora-gcc 1.0.1 32.03 OK
r-devel-windows-x86_64 1.0.1 3.00 42.00 45.00 OK
r-patched-linux-x86_64 1.0.1 2.15 19.62 21.77 OK
r-release-linux-x86_64 1.0.1 2.04 19.42 21.46 OK
r-release-macos-arm64 1.0.1 1.00 12.00 13.00 OK
r-release-macos-x86_64 1.0.1 2.00 21.00 23.00 OK
r-release-windows-x86_64 1.0.1 3.00 41.00 44.00 OK
r-oldrel-macos-arm64 1.0.1 1.00 13.00 14.00 NOTE
r-oldrel-macos-x86_64 1.0.1 2.00 18.00 20.00 NOTE
r-oldrel-windows-x86_64 1.0.1 3.00 44.00 47.00 NOTE

Check Details

Version: 1.0.1
Check: LazyData
Result: NOTE 'LazyData' is specified without a 'data' directory Flavors: r-oldrel-macos-arm64, r-oldrel-macos-x86_64, r-oldrel-windows-x86_64

These binaries (installable software) and packages are in development.
They may not be fully stable and should be used with caution. We make no claims about them.