Last updated on 2025-05-08 04:52:16 CEST.
Flavor | Version | Tinstall | Tcheck | Ttotal | Status | Flags |
---|---|---|---|---|---|---|
r-devel-linux-x86_64-debian-clang | 0.12 | 3.25 | 18.70 | 21.95 | NOTE | |
r-devel-linux-x86_64-debian-gcc | 0.12 | 2.46 | 15.11 | 17.57 | NOTE | |
r-devel-linux-x86_64-fedora-clang | 0.12 | 35.21 | OK | |||
r-devel-linux-x86_64-fedora-gcc | 0.12 | 33.66 | OK | |||
r-devel-windows-x86_64 | 0.12 | 4.00 | 38.00 | 42.00 | OK | |
r-patched-linux-x86_64 | 0.12 | 2.99 | 17.88 | 20.87 | OK | |
r-release-linux-x86_64 | 0.12 | 3.07 | 18.05 | 21.12 | OK | |
r-release-macos-arm64 | 0.12 | 15.00 | OK | |||
r-release-macos-x86_64 | 0.12 | 24.00 | OK | |||
r-release-windows-x86_64 | 0.12 | 6.00 | 42.00 | 48.00 | OK | |
r-oldrel-macos-arm64 | 0.12 | 14.00 | OK | |||
r-oldrel-macos-x86_64 | 0.12 | 21.00 | OK | |||
r-oldrel-windows-x86_64 | 0.12 | 6.00 | 38.00 | 44.00 | OK |
Version: 0.12
Check: CRAN incoming feasibility
Result: NOTE
Maintainer: ‘Yanming Di<diy@stat.oregonstate.edu>’
No Authors@R field in DESCRIPTION.
Please add one, modifying
Authors@R: person(given = "Yanming",
family = "Di",
role = c("aut", "cre"),
email = "diy@stat.oregonstate.edu")
as necessary.
Flavors: r-devel-linux-x86_64-debian-clang, r-devel-linux-x86_64-debian-gcc
These binaries (installable software) and packages are in development.
They may not be fully stable and should be used with caution. We make no claims about them.