CRAN Package Check Results for Package rehh

Last updated on 2025-02-19 17:51:02 CET.

Flavor Version Tinstall Tcheck Ttotal Status Flags
r-devel-linux-x86_64-debian-clang 3.2.2 11.99 183.22 195.21 NOTE
r-devel-linux-x86_64-debian-gcc 3.2.2 8.73 129.53 138.26 NOTE
r-devel-linux-x86_64-fedora-clang 3.2.2 297.00 NOTE
r-devel-linux-x86_64-fedora-gcc 3.2.2 314.47 NOTE
r-devel-macos-arm64 3.2.2 96.00 NOTE
r-devel-macos-x86_64 3.2.2 224.00 NOTE
r-devel-windows-x86_64 3.2.2 19.00 241.00 260.00 NOTE
r-patched-linux-x86_64 3.2.2 13.01 177.97 190.98 NOTE
r-release-linux-x86_64 3.2.2 11.52 177.87 189.39 NOTE
r-release-macos-arm64 3.2.2 91.00 NOTE
r-release-macos-x86_64 3.2.2 146.00 NOTE
r-release-windows-x86_64 3.2.2 20.00 243.00 263.00 NOTE
r-oldrel-macos-arm64 3.2.2 96.00 OK
r-oldrel-macos-x86_64 3.2.2 161.00 OK
r-oldrel-windows-x86_64 3.2.2 23.00 278.00 301.00 OK

Check Details

Version: 3.2.2
Check: Rd files
Result: NOTE checkRd: (-1) plot.ehh.Rd:27: Lost braces 27 | \item{type}{plot type (see code{\link[graphics]{plot.default}} and \code{\link[graphics]{matplot}}). | ^ checkRd: (-1) plot.ehhs.Rd:27: Lost braces 27 | \item{type}{plot type (see code{\link[graphics]{plot.default}}. | ^ Flavors: r-devel-linux-x86_64-debian-clang, r-devel-linux-x86_64-debian-gcc, r-devel-linux-x86_64-fedora-clang, r-devel-linux-x86_64-fedora-gcc, r-devel-macos-arm64, r-devel-macos-x86_64, r-devel-windows-x86_64, r-patched-linux-x86_64, r-release-linux-x86_64, r-release-macos-arm64, r-release-macos-x86_64, r-release-windows-x86_64

Version: 3.2.2
Check: compiled code
Result: NOTE File ‘rehh/libs/rehh.so’: Found non-API call to R: ‘SETLENGTH’ Compiled code should not call non-API entry points in R. See ‘Writing portable packages’ in the ‘Writing R Extensions’ manual, and section ‘Moving into C API compliance’ for issues with the use of non-API entry points. Flavors: r-devel-linux-x86_64-debian-clang, r-devel-linux-x86_64-debian-gcc, r-devel-linux-x86_64-fedora-clang, r-devel-linux-x86_64-fedora-gcc, r-devel-macos-arm64, r-devel-macos-x86_64

Version: 3.2.2
Check: compiled code
Result: NOTE File 'rehh/libs/x64/rehh.dll': Found non-API call to R: 'SETLENGTH' Compiled code should not call non-API entry points in R. See 'Writing portable packages' in the 'Writing R Extensions' manual, and section 'Moving into C API compliance' for issues with the use of non-API entry points. Flavor: r-devel-windows-x86_64

These binaries (installable software) and packages are in development.
They may not be fully stable and should be used with caution. We make no claims about them.