Last updated on 2025-02-16 08:50:58 CET.
Flavor | Version | Tinstall | Tcheck | Ttotal | Status | Flags |
---|---|---|---|---|---|---|
r-devel-linux-x86_64-debian-clang | 0.5.2 | 3.89 | 30.52 | 34.41 | OK | |
r-devel-linux-x86_64-debian-gcc | 0.5.2 | 2.45 | 22.60 | 25.05 | OK | |
r-devel-linux-x86_64-fedora-clang | 0.5.2 | 55.33 | OK | |||
r-devel-linux-x86_64-fedora-gcc | 0.5.2 | 50.58 | OK | |||
r-devel-macos-arm64 | 0.5.2 | 20.00 | OK | |||
r-devel-macos-x86_64 | 0.5.2 | 33.00 | OK | |||
r-devel-windows-x86_64 | 0.5.2 | 6.00 | 49.00 | 55.00 | OK | |
r-patched-linux-x86_64 | 0.5.2 | 3.03 | 28.20 | 31.23 | NOTE | |
r-release-linux-x86_64 | 0.5.2 | 3.07 | 28.33 | 31.40 | NOTE | |
r-release-macos-arm64 | 0.5.2 | 20.00 | NOTE | |||
r-release-macos-x86_64 | 0.5.2 | 29.00 | NOTE | |||
r-release-windows-x86_64 | 0.5.2 | 5.00 | 51.00 | 56.00 | NOTE | |
r-oldrel-macos-arm64 | 0.5.2 | 20.00 | NOTE | |||
r-oldrel-macos-x86_64 | 0.5.2 | 29.00 | NOTE | |||
r-oldrel-windows-x86_64 | 0.5.2 | 6.00 | 60.00 | 66.00 | NOTE |
Version: 0.5.2
Check: LazyData
Result: NOTE
'LazyData' is specified without a 'data' directory
Flavors: r-patched-linux-x86_64, r-release-linux-x86_64, r-release-macos-arm64, r-release-macos-x86_64, r-release-windows-x86_64, r-oldrel-macos-arm64, r-oldrel-macos-x86_64, r-oldrel-windows-x86_64
These binaries (installable software) and packages are in development.
They may not be fully stable and should be used with caution. We make no claims about them.