CRAN Package Check Results for Package reinstallr

Last updated on 2025-10-03 15:50:00 CEST.

Flavor Version Tinstall Tcheck Ttotal Status Flags
r-devel-linux-x86_64-debian-clang 0.1.5 1.57 20.48 22.05 NOTE
r-devel-linux-x86_64-debian-gcc 0.1.5 1.31 17.23 18.54 NOTE
r-devel-linux-x86_64-fedora-clang 0.1.5 32.48 OK
r-devel-linux-x86_64-fedora-gcc 0.1.5 46.19 OK
r-devel-windows-x86_64 0.1.5 3.00 40.00 43.00 OK
r-patched-linux-x86_64 0.1.5 1.56 19.53 21.09 OK
r-release-linux-x86_64 0.1.5 1.55 19.36 20.91 OK
r-release-macos-arm64 0.1.5 18.00 OK
r-release-macos-x86_64 0.1.5 35.00 OK
r-release-windows-x86_64 0.1.5 3.00 40.00 43.00 OK
r-oldrel-macos-arm64 0.1.5 21.00 OK
r-oldrel-macos-x86_64 0.1.5 31.00 OK
r-oldrel-windows-x86_64 0.1.5 3.00 44.00 47.00 OK

Check Details

Version: 0.1.5
Check: CRAN incoming feasibility
Result: NOTE Maintainer: ‘Calli Gross <calli@calligross.de>’ No Authors@R field in DESCRIPTION. Please add one, modifying Authors@R: person(given = "Calli", family = "Gross", role = c("aut", "cre"), email = "calli@calligross.de") as necessary. Flavors: r-devel-linux-x86_64-debian-clang, r-devel-linux-x86_64-debian-gcc

These binaries (installable software) and packages are in development.
They may not be fully stable and should be used with caution. We make no claims about them.