Last updated on 2025-05-01 08:52:43 CEST.
Flavor | Version | Tinstall | Tcheck | Ttotal | Status | Flags |
---|---|---|---|---|---|---|
r-devel-linux-x86_64-debian-clang | 1.0.0 | 31.08 | 51.85 | 82.93 | NOTE | |
r-devel-linux-x86_64-debian-gcc | 1.0.0 | 25.91 | 38.94 | 64.85 | NOTE | |
r-devel-linux-x86_64-fedora-clang | 1.0.0 | 145.04 | OK | |||
r-devel-linux-x86_64-fedora-gcc | 1.0.0 | 144.58 | OK | |||
r-devel-windows-x86_64 | 1.0.0 | 42.00 | 107.00 | 149.00 | OK | |
r-patched-linux-x86_64 | 1.0.0 | 35.16 | 49.23 | 84.39 | OK | |
r-release-linux-x86_64 | OK | |||||
r-release-macos-arm64 | 1.0.0 | 50.00 | OK | |||
r-release-macos-x86_64 | 1.0.0 | 68.00 | OK | |||
r-release-windows-x86_64 | 1.0.0 | 43.00 | 111.00 | 154.00 | OK | |
r-oldrel-macos-arm64 | 1.0.0 | 41.00 | OK | |||
r-oldrel-macos-x86_64 | 1.0.0 | 57.00 | OK | |||
r-oldrel-windows-x86_64 | 1.0.0 | 45.00 | 111.00 | 156.00 | OK |
Version: 1.0.0
Check: CRAN incoming feasibility
Result: NOTE
Maintainer: ‘James M. Curran <j.curran@auckland.ac.nz>’
No Authors@R field in DESCRIPTION.
Please add one, modifying
Authors@R: person(given = c("James", "M."),
family = "Curran",
role = c("aut", "cre"),
email = "j.curran@auckland.ac.nz")
as necessary.
Flavors: r-devel-linux-x86_64-debian-clang, r-devel-linux-x86_64-debian-gcc
These binaries (installable software) and packages are in development.
They may not be fully stable and should be used with caution. We make no claims about them.