Last updated on 2025-10-23 17:50:59 CEST.
Flavor | Version | Tinstall | Tcheck | Ttotal | Status | Flags |
---|---|---|---|---|---|---|
r-devel-linux-x86_64-debian-clang | 0.6-15 | 9.82 | 76.09 | 85.91 | OK | |
r-devel-linux-x86_64-debian-gcc | 0.6-15 | 7.58 | 53.71 | 61.29 | OK | |
r-devel-linux-x86_64-fedora-clang | 0.6-15 | 18.00 | 112.06 | 130.06 | OK | |
r-devel-linux-x86_64-fedora-gcc | 0.6-15 | 20.00 | 118.66 | 138.66 | OK | |
r-devel-windows-x86_64 | 0.6-15 | 12.00 | 108.00 | 120.00 | OK | |
r-patched-linux-x86_64 | 0.6-15 | 9.35 | 72.13 | 81.48 | OK | |
r-release-linux-x86_64 | 0.6-15 | 9.04 | 72.29 | 81.33 | OK | |
r-release-macos-arm64 | 0.6-15 | 4.00 | 41.00 | 45.00 | OK | |
r-release-macos-x86_64 | 0.6-15 | 8.00 | 106.00 | 114.00 | OK | |
r-release-windows-x86_64 | 0.6-15 | 9.00 | 110.00 | 119.00 | OK | |
r-oldrel-macos-arm64 | 0.6-15 | 3.00 | 73.00 | 76.00 | NOTE | |
r-oldrel-macos-x86_64 | 0.6-15 | 8.00 | 134.00 | 142.00 | NOTE | |
r-oldrel-windows-x86_64 | 0.6-15 | 18.00 | 120.00 | 138.00 | NOTE |
Version: 0.6-15
Check: package dependencies
Result: NOTE
Package which this enhances but not available for checking: ‘Rcplex’
Flavors: r-oldrel-macos-arm64, r-oldrel-macos-x86_64, r-oldrel-windows-x86_64
These binaries (installable software) and packages are in development.
They may not be fully stable and should be used with caution. We make no claims about them.