Last updated on 2024-07-27 15:50:31 CEST.
Flavor | Version | Tinstall | Tcheck | Ttotal | Status | Flags |
---|---|---|---|---|---|---|
r-devel-linux-x86_64-debian-clang | 0.6-13 | 9.93 | 103.09 | 113.02 | OK | |
r-devel-linux-x86_64-debian-gcc | 0.6-13 | OK | ||||
r-devel-linux-x86_64-fedora-clang | 0.6-13 | 152.10 | NOTE | |||
r-devel-linux-x86_64-fedora-gcc | 0.6-13 | 147.10 | NOTE | |||
r-devel-windows-x86_64 | 0.6-13 | 10.00 | 114.00 | 124.00 | NOTE | |
r-patched-linux-x86_64 | 0.6-13 | OK | ||||
r-release-linux-x86_64 | 0.6-13 | 9.74 | 98.38 | 108.12 | OK | |
r-release-macos-arm64 | 0.6-13 | 44.00 | NOTE | |||
r-release-macos-x86_64 | 0.6-13 | 95.00 | NOTE | |||
r-release-windows-x86_64 | 0.6-13 | 10.00 | 115.00 | 125.00 | NOTE | |
r-oldrel-macos-arm64 | 0.6-13 | 51.00 | NOTE | |||
r-oldrel-macos-x86_64 | 0.6-13 | 82.00 | NOTE | |||
r-oldrel-windows-x86_64 | 0.6-13 | 11.00 | 125.00 | 136.00 | NOTE |
Version: 0.6-13
Check: package dependencies
Result: NOTE
Package which this enhances but not available for checking: ‘Rcplex’
Flavors: r-devel-linux-x86_64-fedora-clang, r-devel-linux-x86_64-fedora-gcc, r-devel-windows-x86_64, r-release-macos-arm64, r-release-macos-x86_64, r-release-windows-x86_64, r-oldrel-macos-arm64, r-oldrel-macos-x86_64, r-oldrel-windows-x86_64
Version: 0.6-13
Check: Rd cross-references
Result: NOTE
Undeclared package ‘graph’ in Rd xrefs
Flavor: r-devel-linux-x86_64-fedora-clang
These binaries (installable software) and packages are in development.
They may not be fully stable and should be used with caution. We make no claims about them.