CRAN Package Check Results for Package relations

Last updated on 2025-11-12 18:50:43 CET.

Flavor Version Tinstall Tcheck Ttotal Status Flags
r-devel-linux-x86_64-debian-clang 0.6-15 9.27 76.64 85.91 OK
r-devel-linux-x86_64-debian-gcc 0.6-15 6.63 52.68 59.31 OK
r-devel-linux-x86_64-fedora-clang 0.6-15 21.00 108.90 129.90 OK
r-devel-linux-x86_64-fedora-gcc 0.6-15 37.00 109.93 146.93 OK
r-devel-windows-x86_64 0.6-15 11.00 110.00 121.00 OK
r-patched-linux-x86_64 0.6-15 10.68 71.76 82.44 OK
r-release-linux-x86_64 0.6-15 9.76 72.65 82.41 OK
r-release-macos-arm64 0.6-15 4.00 41.00 45.00 OK
r-release-macos-x86_64 0.6-15 8.00 106.00 114.00 OK
r-release-windows-x86_64 0.6-15 11.00 108.00 119.00 OK
r-oldrel-macos-arm64 0.6-15 3.00 73.00 76.00 NOTE
r-oldrel-macos-x86_64 0.6-15 8.00 134.00 142.00 NOTE
r-oldrel-windows-x86_64 0.6-15 15.00 118.00 133.00 NOTE

Check Details

Version: 0.6-15
Check: package dependencies
Result: NOTE Package which this enhances but not available for checking: ‘Rcplex’ Flavors: r-oldrel-macos-arm64, r-oldrel-macos-x86_64, r-oldrel-windows-x86_64

These binaries (installable software) and packages are in development.
They may not be fully stable and should be used with caution. We make no claims about them.