Last updated on 2025-07-25 19:49:52 CEST.
Flavor | Version | Tinstall | Tcheck | Ttotal | Status | Flags |
---|---|---|---|---|---|---|
r-devel-linux-x86_64-debian-clang | 1.7-2 | 26.47 | 157.12 | 183.59 | NOTE | |
r-devel-linux-x86_64-debian-gcc | 1.7-2 | 21.02 | 116.13 | 137.15 | NOTE | |
r-devel-linux-x86_64-fedora-clang | 1.7-2 | 285.92 | OK | |||
r-devel-linux-x86_64-fedora-gcc | 1.7-2 | 272.96 | OK | |||
r-devel-windows-x86_64 | 1.7-2 | 20.00 | 153.00 | 173.00 | OK | |
r-patched-linux-x86_64 | 1.7-2 | 25.11 | 152.60 | 177.71 | OK | |
r-release-linux-x86_64 | 1.7-2 | 27.62 | 150.33 | 177.95 | OK | |
r-release-macos-arm64 | 1.7-2 | 67.00 | OK | |||
r-release-macos-x86_64 | 1.7-2 | 119.00 | OK | |||
r-release-windows-x86_64 | 1.7-2 | 20.00 | 141.00 | 161.00 | OK | |
r-oldrel-macos-arm64 | 1.7-2 | 65.00 | OK | |||
r-oldrel-macos-x86_64 | 1.7-2 | 93.00 | OK | |||
r-oldrel-windows-x86_64 | 1.7-2 | 28.00 | 174.00 | 202.00 | OK |
Version: 1.7-2
Check: CRAN incoming feasibility
Result: NOTE
Maintainer: ‘Mark S. Handcock <handcock@stat.ucla.edu>’
No Authors@R field in DESCRIPTION.
Please add one, modifying
Authors@R: person(given = c("Mark", "S."),
family = "Handcock",
role = c("aut", "cre"),
email = "handcock@stat.ucla.edu")
as necessary.
Flavors: r-devel-linux-x86_64-debian-clang, r-devel-linux-x86_64-debian-gcc
These binaries (installable software) and packages are in development.
They may not be fully stable and should be used with caution. We make no claims about them.