Last updated on 2025-05-01 12:49:38 CEST.
Flavor | Version | Tinstall | Tcheck | Ttotal | Status | Flags |
---|---|---|---|---|---|---|
r-devel-linux-x86_64-debian-clang | 1.7-2 | 26.45 | 158.22 | 184.67 | NOTE | |
r-devel-linux-x86_64-debian-gcc | 1.7-2 | 20.50 | 114.08 | 134.58 | NOTE | |
r-devel-linux-x86_64-fedora-clang | 1.7-2 | 281.35 | OK | |||
r-devel-linux-x86_64-fedora-gcc | 1.7-2 | 266.76 | OK | |||
r-devel-windows-x86_64 | 1.7-2 | 20.00 | 144.00 | 164.00 | OK | |
r-patched-linux-x86_64 | 1.7-2 | 26.98 | 152.80 | 179.78 | OK | |
r-release-linux-x86_64 | OK | |||||
r-release-macos-arm64 | 1.7-2 | 67.00 | OK | |||
r-release-macos-x86_64 | 1.7-2 | 119.00 | OK | |||
r-release-windows-x86_64 | 1.7-2 | 20.00 | 146.00 | 166.00 | OK | |
r-oldrel-macos-arm64 | 1.7-2 | 65.00 | OK | |||
r-oldrel-macos-x86_64 | 1.7-2 | 93.00 | OK | |||
r-oldrel-windows-x86_64 | 1.7-2 | 28.00 | 173.00 | 201.00 | OK |
Version: 1.7-2
Check: CRAN incoming feasibility
Result: NOTE
Maintainer: ‘Mark S. Handcock <handcock@stat.ucla.edu>’
No Authors@R field in DESCRIPTION.
Please add one, modifying
Authors@R: person(given = c("Mark", "S."),
family = "Handcock",
role = c("aut", "cre"),
email = "handcock@stat.ucla.edu")
as necessary.
Flavors: r-devel-linux-x86_64-debian-clang, r-devel-linux-x86_64-debian-gcc
These binaries (installable software) and packages are in development.
They may not be fully stable and should be used with caution. We make no claims about them.