Last updated on 2025-05-01 14:49:20 CEST.
Flavor | Version | Tinstall | Tcheck | Ttotal | Status | Flags |
---|---|---|---|---|---|---|
r-devel-linux-x86_64-debian-clang | 2.1 | 5.02 | 47.84 | 52.86 | NOTE | |
r-devel-linux-x86_64-debian-gcc | 2.1 | 3.82 | 36.16 | 39.98 | NOTE | |
r-devel-linux-x86_64-fedora-clang | 2.1 | 84.85 | OK | |||
r-devel-linux-x86_64-fedora-gcc | 2.1 | 93.76 | OK | |||
r-devel-windows-x86_64 | 2.1 | 7.00 | 85.00 | 92.00 | OK | |
r-patched-linux-x86_64 | 2.1 | 5.43 | 45.93 | 51.36 | OK | |
r-release-linux-x86_64 | OK | |||||
r-release-macos-arm64 | 2.1 | 30.00 | OK | |||
r-release-macos-x86_64 | 2.1 | 60.00 | OK | |||
r-release-windows-x86_64 | 2.1 | 6.00 | 92.00 | 98.00 | OK | |
r-oldrel-macos-arm64 | 2.1 | 28.00 | OK | |||
r-oldrel-macos-x86_64 | 2.1 | 91.00 | OK | |||
r-oldrel-windows-x86_64 | 2.1 | 7.00 | 89.00 | 96.00 | OK |
Version: 2.1
Check: CRAN incoming feasibility
Result: NOTE
Maintainer: ‘Werner A. Stahel <stahel@stat.math.ethz.ch>’
No Authors@R field in DESCRIPTION.
Please add one, modifying
Authors@R: person(given = c("Werner", "A."),
family = "Stahel",
role = c("aut", "cre"),
email = "stahel@stat.math.ethz.ch")
as necessary.
Flavors: r-devel-linux-x86_64-debian-clang, r-devel-linux-x86_64-debian-gcc
These binaries (installable software) and packages are in development.
They may not be fully stable and should be used with caution. We make no claims about them.