Last updated on 2025-05-01 12:49:38 CEST.
Flavor | Version | Tinstall | Tcheck | Ttotal | Status | Flags |
---|---|---|---|---|---|---|
r-devel-linux-x86_64-debian-clang | 0.2.1 | 5.87 | 56.90 | 62.77 | NOTE | |
r-devel-linux-x86_64-debian-gcc | 0.2.1 | 4.28 | 40.48 | 44.76 | NOTE | |
r-devel-linux-x86_64-fedora-clang | 0.2.1 | 90.94 | OK | |||
r-devel-linux-x86_64-fedora-gcc | 0.2.1 | 83.99 | OK | |||
r-devel-windows-x86_64 | 0.2.1 | 8.00 | 70.00 | 78.00 | OK | |
r-patched-linux-x86_64 | 0.2.1 | 6.49 | 52.99 | 59.48 | OK | |
r-release-linux-x86_64 | OK | |||||
r-release-macos-arm64 | 0.2.1 | 27.00 | OK | |||
r-release-macos-x86_64 | 0.2.1 | 52.00 | OK | |||
r-release-windows-x86_64 | 0.2.1 | 9.00 | 69.00 | 78.00 | OK | |
r-oldrel-macos-arm64 | 0.2.1 | 28.00 | OK | |||
r-oldrel-macos-x86_64 | 0.2.1 | 39.00 | OK | |||
r-oldrel-windows-x86_64 | 0.2.1 | 10.00 | 83.00 | 93.00 | OK |
Version: 0.2.1
Check: CRAN incoming feasibility
Result: NOTE
Maintainer: ‘Alexander I. Jordan <alexander.jordan@h-its.org>’
Package CITATION file contains call(s) to old-style citEntry(). Please
use bibentry() instead.
Flavors: r-devel-linux-x86_64-debian-clang, r-devel-linux-x86_64-debian-gcc
Version: 0.2.1
Check: examples
Result: NOTE
Examples with CPU (user + system) or elapsed time > 5s
user system elapsed
plot.reliabilitydiag 5.141 0.108 7.747
Flavor: r-devel-linux-x86_64-debian-clang
These binaries (installable software) and packages are in development.
They may not be fully stable and should be used with caution. We make no claims about them.