Last updated on 2025-11-12 12:53:20 CET.
| Flavor | Version | Tinstall | Tcheck | Ttotal | Status | Flags |
|---|---|---|---|---|---|---|
| r-devel-linux-x86_64-debian-clang | 1.3.1 | 23.35 | 47.58 | 70.93 | NOTE | |
| r-devel-linux-x86_64-debian-gcc | 1.3.1 | 17.50 | 33.56 | 51.06 | NOTE | |
| r-devel-linux-x86_64-fedora-clang | 1.3.1 | 56.00 | 66.52 | 122.52 | OK | |
| r-devel-linux-x86_64-fedora-gcc | 1.3.1 | 130.00 | -4.72 | 125.28 | OK | |
| r-devel-windows-x86_64 | 1.3.1 | 29.00 | 80.00 | 109.00 | OK | |
| r-patched-linux-x86_64 | 1.3.1 | 25.57 | 44.87 | 70.44 | OK | |
| r-release-linux-x86_64 | 1.3.1 | 26.42 | 45.29 | 71.71 | OK | |
| r-release-macos-arm64 | 1.3.1 | 18.00 | 27.00 | 45.00 | OK | |
| r-release-macos-x86_64 | 1.3.1 | 22.00 | 40.00 | 62.00 | OK | |
| r-release-windows-x86_64 | 1.3.1 | 30.00 | 78.00 | 108.00 | OK | |
| r-oldrel-macos-arm64 | 1.3.1 | 13.00 | 24.00 | 37.00 | OK | |
| r-oldrel-macos-x86_64 | 1.3.1 | 23.00 | 35.00 | 58.00 | OK | |
| r-oldrel-windows-x86_64 | 1.3.1 | 35.00 | 97.00 | 132.00 | OK |
Version: 1.3.1
Check: CRAN incoming feasibility
Result: NOTE
Maintainer: ‘Laurence Brandenberger <lbrandenberger@ethz.ch>’
No Authors@R field in DESCRIPTION.
Please add one, modifying
Authors@R: person(given = "Laurence",
family = "Brandenberger",
role = c("aut", "cre"),
email = "lbrandenberger@ethz.ch")
as necessary.
Package CITATION file contains call(s) to old-style personList() or
as.personList(). Please use c() on person objects instead.
Package CITATION file contains call(s) to old-style citEntry(). Please
use bibentry() instead.
Flavors: r-devel-linux-x86_64-debian-clang, r-devel-linux-x86_64-debian-gcc
These binaries (installable software) and packages are in development.
They may not be fully stable and should be used with caution. We make no claims about them.