Last updated on 2025-05-21 21:49:28 CEST.
Flavor | Version | Tinstall | Tcheck | Ttotal | Status | Flags |
---|---|---|---|---|---|---|
r-devel-linux-x86_64-debian-clang | 1.3.1 | 25.69 | 46.85 | 72.54 | NOTE | |
r-devel-linux-x86_64-debian-gcc | 1.3.1 | 17.30 | 33.15 | 50.45 | NOTE | |
r-devel-linux-x86_64-fedora-clang | 1.3.1 | 122.41 | OK | |||
r-devel-linux-x86_64-fedora-gcc | 1.3.1 | 123.47 | OK | |||
r-devel-windows-x86_64 | 1.3.1 | 31.00 | 88.00 | 119.00 | OK | |
r-patched-linux-x86_64 | 1.3.1 | 25.86 | 44.50 | 70.36 | OK | |
r-release-linux-x86_64 | 1.3.1 | 24.02 | 43.88 | 67.90 | OK | |
r-release-macos-arm64 | 1.3.1 | 45.00 | OK | |||
r-release-macos-x86_64 | 1.3.1 | 62.00 | OK | |||
r-release-windows-x86_64 | 1.3.1 | 29.00 | 81.00 | 110.00 | OK | |
r-oldrel-macos-arm64 | 1.3.1 | 37.00 | OK | |||
r-oldrel-macos-x86_64 | 1.3.1 | 58.00 | OK | |||
r-oldrel-windows-x86_64 | 1.3.1 | 34.00 | 104.00 | 138.00 | OK |
Version: 1.3.1
Check: CRAN incoming feasibility
Result: NOTE
Maintainer: ‘Laurence Brandenberger <lbrandenberger@ethz.ch>’
No Authors@R field in DESCRIPTION.
Please add one, modifying
Authors@R: person(given = "Laurence",
family = "Brandenberger",
role = c("aut", "cre"),
email = "lbrandenberger@ethz.ch")
as necessary.
Package CITATION file contains call(s) to old-style personList() or
as.personList(). Please use c() on person objects instead.
Package CITATION file contains call(s) to old-style citEntry(). Please
use bibentry() instead.
Flavors: r-devel-linux-x86_64-debian-clang, r-devel-linux-x86_64-debian-gcc
These binaries (installable software) and packages are in development.
They may not be fully stable and should be used with caution. We make no claims about them.