CRAN Package Check Results for Package rematch2

Last updated on 2025-10-03 17:48:44 CEST.

Flavor Version Tinstall Tcheck Ttotal Status Flags
r-devel-linux-x86_64-debian-clang 2.1.2 3.77 35.25 39.02 OK
r-devel-linux-x86_64-debian-gcc 2.1.2 2.42 27.55 29.97 OK
r-devel-linux-x86_64-fedora-clang 2.1.2 55.37 OK
r-devel-linux-x86_64-fedora-gcc 2.1.2 57.89 OK
r-devel-windows-x86_64 2.1.2 4.00 51.00 55.00 OK
r-patched-linux-x86_64 2.1.2 3.74 31.66 35.40 OK
r-release-linux-x86_64 2.1.2 3.16 31.58 34.74 OK
r-release-macos-arm64 2.1.2 27.00 OK
r-release-macos-x86_64 2.1.2 41.00 OK
r-release-windows-x86_64 2.1.2 5.00 51.00 56.00 OK
r-oldrel-macos-arm64 2.1.2 22.00 NOTE
r-oldrel-macos-x86_64 2.1.2 31.00 NOTE
r-oldrel-windows-x86_64 2.1.2 8.00 61.00 69.00 NOTE

Check Details

Version: 2.1.2
Check: LazyData
Result: NOTE 'LazyData' is specified without a 'data' directory Flavors: r-oldrel-macos-arm64, r-oldrel-macos-x86_64, r-oldrel-windows-x86_64

These binaries (installable software) and packages are in development.
They may not be fully stable and should be used with caution. We make no claims about them.