Last updated on 2025-10-23 17:50:59 CEST.
Flavor | Version | Tinstall | Tcheck | Ttotal | Status | Flags |
---|---|---|---|---|---|---|
r-devel-linux-x86_64-debian-clang | 0.1.0 | 4.29 | 42.75 | 47.04 | OK | |
r-devel-linux-x86_64-debian-gcc | 0.1.0 | 3.35 | 31.96 | 35.31 | OK | |
r-devel-linux-x86_64-fedora-clang | 0.1.0 | 72.72 | OK | |||
r-devel-linux-x86_64-fedora-gcc | 0.1.0 | 83.47 | OK | |||
r-devel-windows-x86_64 | 0.1.0 | 6.00 | 62.00 | 68.00 | OK | |
r-patched-linux-x86_64 | 0.1.0 | 4.52 | 39.96 | 44.48 | OK | |
r-release-linux-x86_64 | 0.1.0 | 4.00 | 39.88 | 43.88 | OK | |
r-release-macos-arm64 | 0.1.0 | 2.00 | 43.00 | 45.00 | OK | |
r-release-macos-x86_64 | 0.1.0 | 5.00 | 112.00 | 117.00 | OK | |
r-release-windows-x86_64 | 0.1.0 | 7.00 | 64.00 | 71.00 | OK | |
r-oldrel-macos-arm64 | 0.1.0 | 2.00 | 28.00 | 30.00 | NOTE | |
r-oldrel-macos-x86_64 | 0.1.0 | 3.00 | 42.00 | 45.00 | NOTE | |
r-oldrel-windows-x86_64 | 0.1.0 | 8.00 | 76.00 | 84.00 | NOTE |
Version: 0.1.0
Check: LazyData
Result: NOTE
'LazyData' is specified without a 'data' directory
Flavors: r-oldrel-macos-arm64, r-oldrel-macos-x86_64, r-oldrel-windows-x86_64
These binaries (installable software) and packages are in development.
They may not be fully stable and should be used with caution. We make no claims about them.