Last updated on 2025-05-21 21:49:28 CEST.
Flavor | Version | Tinstall | Tcheck | Ttotal | Status | Flags |
---|---|---|---|---|---|---|
r-devel-linux-x86_64-debian-clang | 3.2.8 | 37.29 | 59.78 | 97.07 | OK | |
r-devel-linux-x86_64-debian-gcc | 3.2.8 | 25.97 | 47.81 | 73.78 | OK | |
r-devel-linux-x86_64-fedora-clang | 3.2.8 | 160.65 | OK | |||
r-devel-linux-x86_64-fedora-gcc | 3.2.8 | 192.36 | OK | |||
r-devel-windows-x86_64 | 3.2.8 | 42.00 | 137.00 | 179.00 | OK | |
r-patched-linux-x86_64 | 3.2.8 | 38.97 | 57.98 | 96.95 | OK | |
r-release-linux-x86_64 | 3.2.8 | 40.28 | 57.64 | 97.92 | OK | |
r-release-macos-arm64 | 3.2.8 | 72.00 | OK | |||
r-release-macos-x86_64 | 3.2.8 | 116.00 | OK | |||
r-release-windows-x86_64 | 3.2.8 | 43.00 | 144.00 | 187.00 | OK | |
r-oldrel-macos-arm64 | 3.2.8 | 72.00 | NOTE | |||
r-oldrel-macos-x86_64 | 3.2.8 | 113.00 | NOTE | |||
r-oldrel-windows-x86_64 | 3.2.8 | 48.00 | 146.00 | 194.00 | NOTE |
Version: 3.2.8
Check: installed package size
Result: NOTE
installed size is 8.3Mb
sub-directories of 1Mb or more:
doc 3.5Mb
libs 4.0Mb
Flavors: r-oldrel-macos-arm64, r-oldrel-macos-x86_64, r-oldrel-windows-x86_64
These binaries (installable software) and packages are in development.
They may not be fully stable and should be used with caution. We make no claims about them.