Last updated on 2025-11-13 21:50:06 CET.
| Flavor | Version | Tinstall | Tcheck | Ttotal | Status | Flags |
|---|---|---|---|---|---|---|
| r-devel-linux-x86_64-debian-clang | 3.2.9 | 36.76 | 62.43 | 99.19 | OK | |
| r-devel-linux-x86_64-debian-gcc | 3.2.9 | 28.75 | 50.05 | 78.80 | OK | |
| r-devel-linux-x86_64-fedora-clang | 3.2.9 | 68.00 | 95.60 | 163.60 | OK | |
| r-devel-linux-x86_64-fedora-gcc | 3.2.9 | 187.00 | 3.23 | 190.23 | OK | |
| r-devel-windows-x86_64 | 3.2.9 | 43.00 | 121.00 | 164.00 | OK | |
| r-patched-linux-x86_64 | 3.2.9 | 38.78 | 61.05 | 99.83 | OK | |
| r-release-linux-x86_64 | 3.2.9 | 40.54 | 59.71 | 100.25 | OK | |
| r-release-macos-arm64 | 3.2.9 | 13.00 | 69.00 | 82.00 | OK | |
| r-release-macos-x86_64 | 3.2.9 | 44.00 | 189.00 | 233.00 | OK | |
| r-release-windows-x86_64 | 3.2.9 | 41.00 | 119.00 | 160.00 | OK | |
| r-oldrel-macos-arm64 | 3.2.9 | 13.00 | 55.00 | 68.00 | NOTE | |
| r-oldrel-macos-x86_64 | 3.2.9 | 41.00 | 154.00 | 195.00 | NOTE | |
| r-oldrel-windows-x86_64 | 3.2.9 | 50.00 | 147.00 | 197.00 | NOTE |
Version: 3.2.9
Check: installed package size
Result: NOTE
installed size is 8.3Mb
sub-directories of 1Mb or more:
doc 3.5Mb
libs 4.0Mb
Flavors: r-oldrel-macos-arm64, r-oldrel-macos-x86_64, r-oldrel-windows-x86_64
These binaries (installable software) and packages are in development.
They may not be fully stable and should be used with caution. We make no claims about them.