CRAN Package Check Results for Package remindR

Last updated on 2025-05-01 15:49:42 CEST.

Flavor Version Tinstall Tcheck Ttotal Status Flags
r-devel-linux-x86_64-debian-clang 0.0.1 1.68 20.71 22.39 OK
r-devel-linux-x86_64-debian-gcc 0.0.1 1.33 17.12 18.45 OK
r-devel-linux-x86_64-fedora-clang 0.0.1 36.26 OK
r-devel-linux-x86_64-fedora-gcc 0.0.1 48.15 OK
r-devel-windows-x86_64 0.0.1 3.00 47.00 50.00 OK
r-patched-linux-x86_64 0.0.1 1.78 20.08 21.86 OK
r-release-linux-x86_64 OK
r-release-macos-arm64 0.0.1 24.00 OK
r-release-macos-x86_64 0.0.1 37.00 OK
r-release-windows-x86_64 0.0.1 3.00 51.00 54.00 OK
r-oldrel-macos-arm64 0.0.1 20.00 NOTE
r-oldrel-macos-x86_64 0.0.1 35.00 NOTE
r-oldrel-windows-x86_64 0.0.1 4.00 43.00 47.00 NOTE

Check Details

Version: 0.0.1
Check: LazyData
Result: NOTE 'LazyData' is specified without a 'data' directory Flavors: r-oldrel-macos-arm64, r-oldrel-macos-x86_64, r-oldrel-windows-x86_64

These binaries (installable software) and packages are in development.
They may not be fully stable and should be used with caution. We make no claims about them.