CRAN Package Check Results for Package remindR

Last updated on 2025-02-24 12:52:13 CET.

Flavor Version Tinstall Tcheck Ttotal Status Flags
r-devel-linux-x86_64-debian-clang 0.0.1 1.42 20.11 21.53 OK
r-devel-linux-x86_64-debian-gcc 0.0.1 1.39 16.87 18.26 OK
r-devel-linux-x86_64-fedora-clang 0.0.1 35.59 OK
r-devel-linux-x86_64-fedora-gcc 0.0.1 47.90 OK
r-devel-macos-arm64 0.0.1 20.00 OK
r-devel-macos-x86_64 0.0.1 40.00 OK
r-devel-windows-x86_64 0.0.1 3.00 44.00 47.00 OK
r-patched-linux-x86_64 0.0.1 1.49 19.36 20.85 NOTE
r-release-linux-x86_64 0.0.1 1.44 19.48 20.92 NOTE
r-release-macos-arm64 0.0.1 20.00 NOTE
r-release-macos-x86_64 0.0.1 35.00 NOTE
r-release-windows-x86_64 0.0.1 3.00 44.00 47.00 NOTE
r-oldrel-macos-arm64 0.0.1 19.00 NOTE
r-oldrel-macos-x86_64 0.0.1 27.00 NOTE
r-oldrel-windows-x86_64 0.0.1 3.00 43.00 46.00 NOTE

Check Details

Version: 0.0.1
Check: LazyData
Result: NOTE 'LazyData' is specified without a 'data' directory Flavors: r-patched-linux-x86_64, r-release-linux-x86_64, r-release-macos-arm64, r-release-macos-x86_64, r-release-windows-x86_64, r-oldrel-macos-arm64, r-oldrel-macos-x86_64, r-oldrel-windows-x86_64

These binaries (installable software) and packages are in development.
They may not be fully stable and should be used with caution. We make no claims about them.