CRAN Package Check Results for Package remiod

Last updated on 2025-05-08 04:52:16 CEST.

Flavor Version Tinstall Tcheck Ttotal Status Flags
r-devel-linux-x86_64-debian-clang 1.0.2 16.85 165.11 181.96 NOTE
r-devel-linux-x86_64-debian-gcc 1.0.2 10.52 115.44 125.96 NOTE
r-devel-linux-x86_64-fedora-clang 1.0.2 305.94 OK
r-devel-linux-x86_64-fedora-gcc 1.0.2 291.09 OK
r-devel-windows-x86_64 1.0.2 17.00 160.00 177.00 OK
r-patched-linux-x86_64 1.0.2 16.45 157.37 173.82 OK
r-release-linux-x86_64 1.0.2 14.72 157.81 172.53 OK
r-release-macos-arm64 1.0.2 79.00 OK
r-release-macos-x86_64 1.0.2 153.00 OK
r-release-windows-x86_64 1.0.2 19.00 162.00 181.00 OK
r-oldrel-macos-arm64 1.0.2 73.00 OK
r-oldrel-macos-x86_64 1.0.2 124.00 OK
r-oldrel-windows-x86_64 1.0.2 24.00 202.00 226.00 OK

Check Details

Version: 1.0.2
Check: CRAN incoming feasibility
Result: NOTE Maintainer: ‘Tony Wang <xwang@imedacs.com>’ The Description field contains <arXiv:2203.02771>. Methods for missing-not-at-random include Please refer to arXiv e-prints via their arXiv DOI <doi:10.48550/arXiv.YYMM.NNNNN>. Flavors: r-devel-linux-x86_64-debian-clang, r-devel-linux-x86_64-debian-gcc

These binaries (installable software) and packages are in development.
They may not be fully stable and should be used with caution. We make no claims about them.