Last updated on 2025-11-11 15:50:45 CET.
| Flavor | Version | Tinstall | Tcheck | Ttotal | Status | Flags |
|---|---|---|---|---|---|---|
| r-devel-linux-x86_64-debian-clang | 1.0.2 | 17.44 | 178.36 | 195.80 | NOTE | |
| r-devel-linux-x86_64-debian-gcc | 1.0.2 | 11.07 | 123.69 | 134.76 | NOTE | |
| r-devel-linux-x86_64-fedora-clang | 1.0.2 | 138.00 | 195.15 | 333.15 | OK | |
| r-devel-linux-x86_64-fedora-gcc | 1.0.2 | 60.00 | 249.35 | 309.35 | OK | |
| r-devel-windows-x86_64 | 1.0.2 | 22.00 | 164.00 | 186.00 | OK | |
| r-patched-linux-x86_64 | 1.0.2 | 16.75 | 165.71 | 182.46 | OK | |
| r-release-linux-x86_64 | 1.0.2 | 17.14 | 166.67 | 183.81 | OK | |
| r-release-macos-arm64 | 1.0.2 | 7.00 | 72.00 | 79.00 | OK | |
| r-release-macos-x86_64 | 1.0.2 | 13.00 | 140.00 | 153.00 | OK | |
| r-release-windows-x86_64 | 1.0.2 | 21.00 | 164.00 | 185.00 | OK | |
| r-oldrel-macos-arm64 | 1.0.2 | 6.00 | 67.00 | 73.00 | OK | |
| r-oldrel-macos-x86_64 | 1.0.2 | 12.00 | 112.00 | 124.00 | OK | |
| r-oldrel-windows-x86_64 | 1.0.2 | 24.00 | 215.00 | 239.00 | OK |
Version: 1.0.2
Check: CRAN incoming feasibility
Result: NOTE
Maintainer: ‘Tony Wang <xwang@imedacs.com>’
The Description field contains
<arXiv:2203.02771>. Methods for missing-not-at-random include
Please refer to arXiv e-prints via their arXiv DOI <doi:10.48550/arXiv.YYMM.NNNNN>.
Flavors: r-devel-linux-x86_64-debian-clang, r-devel-linux-x86_64-debian-gcc
These binaries (installable software) and packages are in development.
They may not be fully stable and should be used with caution. We make no claims about them.