CRAN Package Check Results for Package remotePARTS

Last updated on 2025-10-23 11:50:25 CEST.

Flavor Version Tinstall Tcheck Ttotal Status Flags
r-devel-linux-x86_64-debian-clang 1.0.4 79.13 271.57 350.70 NOTE
r-devel-linux-x86_64-debian-gcc 1.0.4 62.60 195.00 257.60 OK
r-devel-linux-x86_64-fedora-clang 1.0.4 105.00 465.83 570.83 OK
r-devel-linux-x86_64-fedora-gcc 1.0.4 82.00 521.23 603.23 OK
r-devel-windows-x86_64 1.0.4 87.00 308.00 395.00 OK
r-patched-linux-x86_64 1.0.4 89.91 289.26 379.17 OK
r-release-linux-x86_64 1.0.4 82.96 288.64 371.60 OK
r-release-macos-arm64 1.0.4 35.00 166.00 201.00 OK
r-release-macos-x86_64 1.0.4 32.00 328.00 360.00 OK
r-release-windows-x86_64 1.0.4 85.00 306.00 391.00 OK
r-oldrel-macos-arm64 1.0.4 33.00 148.00 181.00 NOTE
r-oldrel-macos-x86_64 1.0.4 27.00 252.00 279.00 NOTE
r-oldrel-windows-x86_64 1.0.4 104.00 413.00 517.00 OK

Check Details

Version: 1.0.4
Check: HTML version of manual
Result: NOTE Found the following HTML validation problems: test_covar_fun.html:56:1 (test_covar_fun.Rd:16): Warning: missing </ul> before </div> Flavor: r-devel-linux-x86_64-debian-clang

Version: 1.0.4
Check: installed package size
Result: NOTE installed size is 25.2Mb sub-directories of 1Mb or more: libs 23.8Mb Flavors: r-oldrel-macos-arm64, r-oldrel-macos-x86_64

These binaries (installable software) and packages are in development.
They may not be fully stable and should be used with caution. We make no claims about them.