Last updated on 2025-05-01 08:52:43 CEST.
Flavor | Version | Tinstall | Tcheck | Ttotal | Status | Flags |
---|---|---|---|---|---|---|
r-devel-linux-x86_64-debian-clang | 1.0.4 | 83.41 | 267.65 | 351.06 | NOTE | |
r-devel-linux-x86_64-debian-gcc | 1.0.4 | 63.49 | 197.52 | 261.01 | OK | |
r-devel-linux-x86_64-fedora-clang | 1.0.4 | 588.08 | OK | |||
r-devel-linux-x86_64-fedora-gcc | 1.0.4 | 641.64 | OK | |||
r-devel-windows-x86_64 | 1.0.4 | 86.00 | 310.00 | 396.00 | OK | |
r-patched-linux-x86_64 | 1.0.4 | 93.26 | 284.23 | 377.49 | OK | |
r-release-linux-x86_64 | OK | |||||
r-release-macos-arm64 | 1.0.4 | 201.00 | OK | |||
r-release-macos-x86_64 | 1.0.4 | 360.00 | OK | |||
r-release-windows-x86_64 | 1.0.4 | 87.00 | 307.00 | 394.00 | OK | |
r-oldrel-macos-arm64 | 1.0.4 | 181.00 | NOTE | |||
r-oldrel-macos-x86_64 | 1.0.4 | 279.00 | NOTE | |||
r-oldrel-windows-x86_64 | 1.0.4 | 97.00 | 408.00 | 505.00 | OK |
Version: 1.0.4
Check: examples
Result: NOTE
Examples with CPU (user + system) or elapsed time > 5s
user system elapsed
partGLS 4.642 0.089 5.303
Flavor: r-devel-linux-x86_64-debian-clang
Version: 1.0.4
Check: installed package size
Result: NOTE
installed size is 25.2Mb
sub-directories of 1Mb or more:
libs 23.8Mb
Flavors: r-oldrel-macos-arm64, r-oldrel-macos-x86_64
These binaries (installable software) and packages are in development.
They may not be fully stable and should be used with caution. We make no claims about them.