Last updated on 2025-05-01 12:49:38 CEST.
Flavor | Version | Tinstall | Tcheck | Ttotal | Status | Flags |
---|---|---|---|---|---|---|
r-devel-linux-x86_64-debian-clang | 0.1.9 | 7.68 | 261.09 | 268.77 | NOTE | |
r-devel-linux-x86_64-debian-gcc | 0.1.9 | 4.92 | 183.55 | 188.47 | OK | |
r-devel-linux-x86_64-fedora-clang | 0.1.9 | 428.56 | OK | |||
r-devel-linux-x86_64-fedora-gcc | 0.1.9 | 448.07 | OK | |||
r-devel-windows-x86_64 | 0.1.9 | 10.00 | 226.00 | 236.00 | OK | |
r-patched-linux-x86_64 | 0.1.9 | 7.84 | 247.60 | 255.44 | OK | |
r-release-linux-x86_64 | OK | |||||
r-release-macos-arm64 | 0.1.9 | 117.00 | OK | |||
r-release-macos-x86_64 | 0.1.9 | 226.00 | OK | |||
r-release-windows-x86_64 | 0.1.9 | 10.00 | 229.00 | 239.00 | OK | |
r-oldrel-macos-arm64 | 0.1.9 | 121.00 | OK | |||
r-oldrel-macos-x86_64 | 0.1.9 | 224.00 | OK | |||
r-oldrel-windows-x86_64 | 0.1.9 | 10.00 | 297.00 | 307.00 | OK |
Version: 0.1.9
Check: examples
Result: NOTE
Examples with CPU (user + system) or elapsed time > 5s
user system elapsed
nice_lm_contrasts 5.988 0.052 8.689
Flavor: r-devel-linux-x86_64-debian-clang
These binaries (installable software) and packages are in development.
They may not be fully stable and should be used with caution. We make no claims about them.