CRAN Package Check Results for Package remstats

Last updated on 2025-07-26 07:50:32 CEST.

Flavor Version Tinstall Tcheck Ttotal Status Flags
r-devel-linux-x86_64-debian-clang 3.2.4 60.57 53.17 113.74 OK
r-devel-linux-x86_64-debian-gcc 3.2.4 47.59 42.02 89.61 OK
r-devel-linux-x86_64-fedora-clang 3.2.4 209.10 OK
r-devel-linux-x86_64-fedora-gcc 3.2.4 220.06 OK
r-devel-windows-x86_64 3.2.4 72.00 129.00 201.00 OK
r-patched-linux-x86_64 3.2.4 66.36 50.23 116.59 OK
r-release-linux-x86_64 3.2.4 66.32 50.20 116.52 OK
r-release-macos-arm64 3.2.4 75.00 OK
r-release-macos-x86_64 3.2.4 108.00 OK
r-release-windows-x86_64 3.2.4 71.00 109.00 180.00 OK
r-oldrel-macos-arm64 3.2.4 59.00 NOTE
r-oldrel-macos-x86_64 3.2.4 108.00 NOTE
r-oldrel-windows-x86_64 3.2.4 82.00 125.00 207.00 OK

Check Details

Version: 3.2.4
Check: installed package size
Result: NOTE installed size is 7.3Mb sub-directories of 1Mb or more: libs 6.7Mb Flavors: r-oldrel-macos-arm64, r-oldrel-macos-x86_64

These binaries (installable software) and packages are in development.
They may not be fully stable and should be used with caution. We make no claims about them.