Last updated on 2025-02-16 08:50:58 CET.
Flavor | Version | Tinstall | Tcheck | Ttotal | Status | Flags |
---|---|---|---|---|---|---|
r-devel-linux-x86_64-debian-clang | 3.2.4 | 57.99 | 50.61 | 108.60 | OK | |
r-devel-linux-x86_64-debian-gcc | 3.2.4 | 47.41 | 39.35 | 86.76 | OK | |
r-devel-linux-x86_64-fedora-clang | 3.2.4 | 215.89 | OK | |||
r-devel-linux-x86_64-fedora-gcc | 3.2.4 | 234.03 | OK | |||
r-devel-macos-arm64 | 3.2.4 | 68.00 | OK | |||
r-devel-macos-x86_64 | 3.2.4 | 169.00 | OK | |||
r-devel-windows-x86_64 | 3.2.4 | 62.00 | 108.00 | 170.00 | OK | |
r-patched-linux-x86_64 | 3.2.4 | 64.33 | 47.86 | 112.19 | OK | |
r-release-linux-x86_64 | 3.2.4 | 65.26 | 48.17 | 113.43 | OK | |
r-release-macos-arm64 | 3.2.4 | 59.00 | NOTE | |||
r-release-macos-x86_64 | 3.2.4 | 108.00 | NOTE | |||
r-release-windows-x86_64 | 3.2.4 | 63.00 | 117.00 | 180.00 | OK | |
r-oldrel-macos-arm64 | 3.2.2 | 61.00 | NOTE | |||
r-oldrel-macos-x86_64 | 3.2.4 | 145.00 | NOTE | |||
r-oldrel-windows-x86_64 | 3.2.4 | 81.00 | 121.00 | 202.00 | OK |
Version: 3.2.4
Check: installed package size
Result: NOTE
installed size is 7.3Mb
sub-directories of 1Mb or more:
libs 6.7Mb
Flavors: r-release-macos-arm64, r-release-macos-x86_64, r-oldrel-macos-x86_64
Version: 3.2.2
Check: installed package size
Result: NOTE
installed size is 7.1Mb
sub-directories of 1Mb or more:
libs 6.5Mb
Flavor: r-oldrel-macos-arm64
These binaries (installable software) and packages are in development.
They may not be fully stable and should be used with caution. We make no claims about them.