Last updated on 2025-11-11 15:50:45 CET.
| Flavor | Version | Tinstall | Tcheck | Ttotal | Status | Flags |
|---|---|---|---|---|---|---|
| r-devel-linux-x86_64-debian-clang | 3.2.4 | 57.51 | 55.98 | 113.49 | OK | |
| r-devel-linux-x86_64-debian-gcc | 3.2.4 | 44.79 | 43.25 | 88.04 | OK | |
| r-devel-linux-x86_64-fedora-clang | 3.2.4 | 83.00 | 117.97 | 200.97 | OK | |
| r-devel-linux-x86_64-fedora-gcc | 3.2.4 | 148.00 | 80.38 | 228.38 | OK | |
| r-devel-windows-x86_64 | 3.2.4 | 70.00 | 105.00 | 175.00 | OK | |
| r-patched-linux-x86_64 | 3.2.4 | 67.92 | 53.39 | 121.31 | OK | |
| r-release-linux-x86_64 | 3.2.4 | 65.25 | 53.33 | 118.58 | OK | |
| r-release-macos-arm64 | 3.2.4 | 26.00 | 49.00 | 75.00 | OK | |
| r-release-macos-x86_64 | 3.2.4 | 36.00 | 72.00 | 108.00 | OK | |
| r-release-windows-x86_64 | 3.2.4 | 72.00 | 109.00 | 181.00 | OK | |
| r-oldrel-macos-arm64 | 3.2.4 | 24.00 | 35.00 | 59.00 | NOTE | |
| r-oldrel-macos-x86_64 | 3.2.4 | 27.00 | 81.00 | 108.00 | NOTE | |
| r-oldrel-windows-x86_64 | 3.2.4 | 84.00 | 124.00 | 208.00 | OK |
Version: 3.2.4
Check: installed package size
Result: NOTE
installed size is 7.3Mb
sub-directories of 1Mb or more:
libs 6.7Mb
Flavors: r-oldrel-macos-arm64, r-oldrel-macos-x86_64
These binaries (installable software) and packages are in development.
They may not be fully stable and should be used with caution. We make no claims about them.