CRAN Package Check Results for Package remstats

Last updated on 2025-05-08 04:52:16 CEST.

Flavor Version Tinstall Tcheck Ttotal Status Flags
r-devel-linux-x86_64-debian-clang 3.2.4 58.69 52.85 111.54 OK
r-devel-linux-x86_64-debian-gcc 3.2.4 45.78 40.75 86.53 OK
r-devel-linux-x86_64-fedora-clang 3.2.4 206.65 OK
r-devel-linux-x86_64-fedora-gcc 3.2.4 243.27 OK
r-devel-windows-x86_64 3.2.4 72.00 108.00 180.00 OK
r-patched-linux-x86_64 3.2.4 65.96 50.55 116.51 OK
r-release-linux-x86_64 3.2.4 61.37 49.90 111.27 OK
r-release-macos-arm64 3.2.4 75.00 OK
r-release-macos-x86_64 3.2.4 108.00 OK
r-release-windows-x86_64 3.2.4 72.00 111.00 183.00 OK
r-oldrel-macos-arm64 3.2.4 59.00 NOTE
r-oldrel-macos-x86_64 3.2.4 108.00 NOTE
r-oldrel-windows-x86_64 3.2.4 82.00 123.00 205.00 OK

Check Details

Version: 3.2.4
Check: installed package size
Result: NOTE installed size is 7.3Mb sub-directories of 1Mb or more: libs 6.7Mb Flavors: r-oldrel-macos-arm64, r-oldrel-macos-x86_64

These binaries (installable software) and packages are in development.
They may not be fully stable and should be used with caution. We make no claims about them.