Last updated on 2025-02-16 08:50:58 CET.
Flavor | Version | Tinstall | Tcheck | Ttotal | Status | Flags |
---|---|---|---|---|---|---|
r-devel-linux-x86_64-debian-clang | 2.3.13 | 44.81 | 127.49 | 172.30 | OK | |
r-devel-linux-x86_64-debian-gcc | 2.3.13 | 28.24 | 73.54 | 101.78 | OK | |
r-devel-linux-x86_64-fedora-clang | 2.3.13 | 308.55 | OK | |||
r-devel-linux-x86_64-fedora-gcc | 2.3.13 | 281.98 | OK | |||
r-devel-macos-arm64 | 2.3.13 | 63.00 | OK | |||
r-devel-macos-x86_64 | 2.3.13 | 165.00 | OK | |||
r-devel-windows-x86_64 | 2.3.13 | 43.00 | 181.00 | 224.00 | OK | |
r-patched-linux-x86_64 | 2.3.13 | 41.10 | 106.55 | 147.65 | OK | |
r-release-linux-x86_64 | 2.3.13 | 41.27 | 108.04 | 149.31 | OK | |
r-release-macos-arm64 | 2.3.13 | 88.00 | NOTE | |||
r-release-macos-x86_64 | 2.3.13 | 169.00 | NOTE | |||
r-release-windows-x86_64 | 2.3.13 | 43.00 | 181.00 | 224.00 | NOTE | |
r-oldrel-macos-arm64 | 2.3.11 | 83.00 | NOTE | |||
r-oldrel-macos-x86_64 | 2.3.13 | 138.00 | NOTE | |||
r-oldrel-windows-x86_64 | 2.3.13 | 50.00 | 224.00 | 274.00 | NOTE |
Version: 2.3.13
Check: installed package size
Result: NOTE
installed size is 9.4Mb
sub-directories of 1Mb or more:
doc 3.9Mb
libs 5.1Mb
Flavors: r-release-macos-arm64, r-release-macos-x86_64, r-release-windows-x86_64, r-oldrel-macos-x86_64, r-oldrel-windows-x86_64
Version: 2.3.11
Check: installed package size
Result: NOTE
installed size is 9.3Mb
sub-directories of 1Mb or more:
doc 3.9Mb
libs 5.0Mb
Flavor: r-oldrel-macos-arm64
These binaries (installable software) and packages are in development.
They may not be fully stable and should be used with caution. We make no claims about them.