Last updated on 2025-11-11 15:50:45 CET.
| Flavor | Version | Tinstall | Tcheck | Ttotal | Status | Flags |
|---|---|---|---|---|---|---|
| r-devel-linux-x86_64-debian-clang | 2.3.14 | 40.05 | 132.81 | 172.86 | OK | |
| r-devel-linux-x86_64-debian-gcc | 2.3.14 | 29.42 | 76.26 | 105.68 | OK | |
| r-devel-linux-x86_64-fedora-clang | 2.3.14 | 77.00 | 217.38 | 294.38 | OK | |
| r-devel-linux-x86_64-fedora-gcc | 2.3.14 | 138.00 | 147.99 | 285.99 | OK | |
| r-devel-windows-x86_64 | 2.3.14 | 50.00 | 176.00 | 226.00 | OK | |
| r-patched-linux-x86_64 | 2.3.14 | 43.15 | 109.23 | 152.38 | OK | |
| r-release-linux-x86_64 | 2.3.14 | 39.99 | 109.32 | 149.31 | OK | |
| r-release-macos-arm64 | 2.3.14 | 19.00 | 66.00 | 85.00 | OK | |
| r-release-macos-x86_64 | 2.3.14 | 50.00 | 181.00 | 231.00 | OK | |
| r-release-windows-x86_64 | 2.3.14 | 47.00 | 178.00 | 225.00 | OK | |
| r-oldrel-macos-arm64 | 2.3.14 | 17.00 | 67.00 | 84.00 | NOTE | |
| r-oldrel-macos-x86_64 | 2.3.14 | 50.00 | 179.00 | 229.00 | NOTE | |
| r-oldrel-windows-x86_64 | 2.3.14 | 56.00 | 219.00 | 275.00 | NOTE |
Version: 2.3.14
Check: installed package size
Result: NOTE
installed size is 9.4Mb
sub-directories of 1Mb or more:
doc 3.9Mb
libs 5.1Mb
Flavors: r-oldrel-macos-arm64, r-oldrel-macos-x86_64, r-oldrel-windows-x86_64
These binaries (installable software) and packages are in development.
They may not be fully stable and should be used with caution. We make no claims about them.