Last updated on 2025-10-10 03:51:13 CEST.
Flavor | Version | Tinstall | Tcheck | Ttotal | Status | Flags |
---|---|---|---|---|---|---|
r-devel-linux-x86_64-debian-clang | 2.3.14 | 39.81 | 134.60 | 174.41 | OK | |
r-devel-linux-x86_64-debian-gcc | 2.3.14 | 27.60 | 79.43 | 107.03 | OK | |
r-devel-linux-x86_64-fedora-clang | 2.3.14 | 296.78 | OK | |||
r-devel-linux-x86_64-fedora-gcc | 2.3.14 | 278.70 | OK | |||
r-devel-windows-x86_64 | 2.3.14 | 49.00 | 185.00 | 234.00 | OK | |
r-patched-linux-x86_64 | 2.3.14 | 41.51 | 113.45 | 154.96 | OK | |
r-release-linux-x86_64 | 2.3.14 | 43.93 | 113.55 | 157.48 | OK | |
r-release-macos-arm64 | 2.3.14 | 85.00 | OK | |||
r-release-macos-x86_64 | 2.3.14 | 231.00 | OK | |||
r-release-windows-x86_64 | 2.3.14 | 48.00 | 184.00 | 232.00 | OK | |
r-oldrel-macos-arm64 | 2.3.14 | 84.00 | NOTE | |||
r-oldrel-macos-x86_64 | 2.3.14 | 229.00 | NOTE | |||
r-oldrel-windows-x86_64 | 2.3.14 | 58.00 | 230.00 | 288.00 | NOTE |
Version: 2.3.14
Check: installed package size
Result: NOTE
installed size is 9.4Mb
sub-directories of 1Mb or more:
doc 3.9Mb
libs 5.1Mb
Flavors: r-oldrel-macos-arm64, r-oldrel-macos-x86_64, r-oldrel-windows-x86_64
These binaries (installable software) and packages are in development.
They may not be fully stable and should be used with caution. We make no claims about them.