CRAN Package Check Results for Package renpow

Last updated on 2025-05-08 04:52:16 CEST.

Flavor Version Tinstall Tcheck Ttotal Status Flags
r-devel-linux-x86_64-debian-clang 0.1-1 8.39 41.03 49.42 NOTE
r-devel-linux-x86_64-debian-gcc 0.1-1 5.21 28.03 33.24 NOTE
r-devel-linux-x86_64-fedora-clang 0.1-1 78.77 OK
r-devel-linux-x86_64-fedora-gcc 0.1-1 72.83 OK
r-devel-windows-x86_64 0.1-1 8.00 58.00 66.00 OK
r-patched-linux-x86_64 0.1-1 7.62 39.21 46.83 OK
r-release-linux-x86_64 0.1-1 7.06 39.10 46.16 OK
r-release-macos-arm64 0.1-1 21.00 OK
r-release-macos-x86_64 0.1-1 41.00 OK
r-release-windows-x86_64 0.1-1 6.00 61.00 67.00 OK
r-oldrel-macos-arm64 0.1-1 20.00 OK
r-oldrel-macos-x86_64 0.1-1 37.00 OK
r-oldrel-windows-x86_64 0.1-1 8.00 57.00 65.00 OK

Check Details

Version: 0.1-1
Check: CRAN incoming feasibility
Result: NOTE Maintainer: ‘Miguel F. Acevedo <acevedo@unt.edu>’ No Authors@R field in DESCRIPTION. Please add one, modifying Authors@R: person(given = c("Miguel", "F."), family = "Acevedo", role = c("aut", "cre"), email = "acevedo@unt.edu") as necessary. Flavors: r-devel-linux-x86_64-debian-clang, r-devel-linux-x86_64-debian-gcc

These binaries (installable software) and packages are in development.
They may not be fully stable and should be used with caution. We make no claims about them.