Last updated on 2025-02-16 08:50:58 CET.
Flavor | Version | Tinstall | Tcheck | Ttotal | Status | Flags |
---|---|---|---|---|---|---|
r-devel-linux-x86_64-debian-clang | 1.2.3 | 3.25 | 35.19 | 38.44 | NOTE | |
r-devel-linux-x86_64-debian-gcc | 1.2.3 | 2.47 | 27.82 | 30.29 | NOTE | |
r-devel-linux-x86_64-fedora-clang | 1.2.3 | 65.04 | NOTE | |||
r-devel-linux-x86_64-fedora-gcc | 1.2.3 | 74.14 | NOTE | |||
r-devel-macos-arm64 | 1.2.3 | 36.00 | NOTE | |||
r-devel-macos-x86_64 | 1.2.3 | 60.00 | NOTE | |||
r-devel-windows-x86_64 | 1.2.3 | 5.00 | 59.00 | 64.00 | NOTE | --no-vignettes |
r-patched-linux-x86_64 | 1.2.3 | 6.31 | 33.67 | 39.98 | NOTE | |
r-release-linux-x86_64 | 1.2.3 | 2.57 | 33.78 | 36.35 | NOTE | |
r-release-macos-arm64 | 1.2.3 | 26.00 | NOTE | |||
r-release-macos-x86_64 | 1.2.3 | 42.00 | NOTE | |||
r-release-windows-x86_64 | 1.2.3 | 5.00 | 60.00 | 65.00 | NOTE | --no-vignettes |
r-oldrel-macos-arm64 | 1.2.3 | 27.00 | OK | |||
r-oldrel-macos-x86_64 | 1.2.3 | 41.00 | OK | |||
r-oldrel-windows-x86_64 | 1.2.3 | 5.00 | 68.00 | 73.00 | OK | --no-vignettes |
Version: 1.2.3
Check: Rd files
Result: NOTE
checkRd: (-1) rentrez.Rd:17-21: Lost braces
17 | /enumerated{
| ^
Flavors: r-devel-linux-x86_64-debian-clang, r-devel-linux-x86_64-debian-gcc, r-devel-linux-x86_64-fedora-clang, r-devel-linux-x86_64-fedora-gcc, r-devel-macos-arm64, r-devel-macos-x86_64, r-patched-linux-x86_64, r-release-linux-x86_64, r-release-macos-arm64, r-release-macos-x86_64
Version: 1.2.3
Check: Rd cross-references
Result: NOTE
Found the following Rd file(s) with Rd \link{} targets missing package
anchors:
entrez_link.Rd: xmlTreeParse
Please provide package anchors for all Rd \link{} targets not in the
package itself and the base packages.
Flavors: r-devel-linux-x86_64-debian-clang, r-devel-linux-x86_64-debian-gcc
Version: 1.2.3
Flags: --no-vignettes
Check: Rd files
Result: NOTE
checkRd: (-1) rentrez.Rd:17-21: Lost braces
17 | /enumerated{
| ^
Flavors: r-devel-windows-x86_64, r-release-windows-x86_64
Version: 1.2.3
Flags: --no-vignettes
Check: Rd cross-references
Result: NOTE
Found the following Rd file(s) with Rd \link{} targets missing package
anchors:
entrez_link.Rd: xmlTreeParse
Please provide package anchors for all Rd \link{} targets not in the
package itself and the base packages.
Flavor: r-devel-windows-x86_64
These binaries (installable software) and packages are in development.
They may not be fully stable and should be used with caution. We make no claims about them.