CRAN Package Check Results for Package renv

Last updated on 2025-10-23 11:50:25 CEST.

Flavor Version Tinstall Tcheck Ttotal Status Flags
r-devel-linux-x86_64-debian-clang 1.1.5 21.56 380.48 402.04 NOTE
r-devel-linux-x86_64-debian-gcc 1.1.5 13.57 261.16 274.73 OK
r-devel-linux-x86_64-fedora-clang 1.1.5 46.00 1128.95 1174.95 OK
r-devel-linux-x86_64-fedora-gcc 1.1.5 51.00 1170.45 1221.45 OK
r-devel-windows-x86_64 1.1.5 21.00 123.00 144.00 OK
r-patched-linux-x86_64 1.1.5 20.08 359.84 379.92 OK
r-release-linux-x86_64 1.1.5 17.57 367.43 385.00 OK
r-release-macos-arm64 1.1.5 8.00 120.00 128.00 OK
r-release-macos-x86_64 1.1.5 20.00 179.00 199.00 OK
r-release-windows-x86_64 1.1.5 23.00 126.00 149.00 OK
r-oldrel-macos-arm64 1.1.5 8.00 103.00 111.00 OK
r-oldrel-macos-x86_64 1.1.5 19.00 182.00 201.00 OK
r-oldrel-windows-x86_64 1.1.5 25.00 154.00 179.00 OK

Check Details

Version: 1.1.5
Check: HTML version of manual
Result: NOTE Found the following HTML validation problems: remote.html:49:1 (remote.Rd:12): Warning: missing </ul> before </div> vendor.html:72:1 (vendor.Rd:14): Warning: missing </ul> before </div> Flavor: r-devel-linux-x86_64-debian-clang

These binaries (installable software) and packages are in development.
They may not be fully stable and should be used with caution. We make no claims about them.