CRAN Package Check Results for Package renz

Last updated on 2025-05-08 04:52:16 CEST.

Flavor Version Tinstall Tcheck Ttotal Status Flags
r-devel-linux-x86_64-debian-clang 0.2.1 3.98 53.81 57.79 NOTE
r-devel-linux-x86_64-debian-gcc 0.2.1 2.83 42.85 45.68 NOTE
r-devel-linux-x86_64-fedora-clang 0.2.1 90.92 OK
r-devel-linux-x86_64-fedora-gcc 0.2.1 102.13 OK
r-devel-windows-x86_64 0.2.1 4.00 71.00 75.00 OK
r-patched-linux-x86_64 0.2.1 3.57 52.35 55.92 OK
r-release-linux-x86_64 0.2.1 3.38 51.76 55.14 OK
r-release-macos-arm64 0.2.1 33.00 OK
r-release-macos-x86_64 0.2.1 61.00 OK
r-release-windows-x86_64 0.2.1 6.00 74.00 80.00 OK
r-oldrel-macos-arm64 0.2.1 34.00 OK
r-oldrel-macos-x86_64 0.2.1 55.00 OK
r-oldrel-windows-x86_64 0.2.1 7.00 85.00 92.00 OK

Check Details

Version: 0.2.1
Check: CRAN incoming feasibility
Result: NOTE Maintainer: ‘Juan Carlos Aledo <caledo@uma.es>’ No Authors@R field in DESCRIPTION. Please add one, modifying Authors@R: person(given = c("Juan", "Carlos"), family = "Aledo", role = c("aut", "cre"), email = "caledo@uma.es") as necessary. Flavors: r-devel-linux-x86_64-debian-clang, r-devel-linux-x86_64-debian-gcc

These binaries (installable software) and packages are in development.
They may not be fully stable and should be used with caution. We make no claims about them.