Last updated on 2025-02-23 11:51:18 CET.
Flavor | Version | Tinstall | Tcheck | Ttotal | Status | Flags |
---|---|---|---|---|---|---|
r-devel-linux-x86_64-debian-clang | 0.5 | 3.03 | 30.32 | 33.35 | NOTE | |
r-devel-linux-x86_64-debian-gcc | 0.5 | 2.49 | 22.10 | 24.59 | NOTE | |
r-devel-linux-x86_64-fedora-clang | 0.5 | 52.56 | NOTE | |||
r-devel-linux-x86_64-fedora-gcc | 0.5 | 62.24 | NOTE | |||
r-devel-macos-arm64 | 0.5 | 29.00 | OK | |||
r-devel-macos-x86_64 | 0.5 | 62.00 | OK | |||
r-devel-windows-x86_64 | 0.5 | 4.00 | 50.00 | 54.00 | NOTE | |
r-patched-linux-x86_64 | 0.5 | 6.45 | 27.97 | 34.42 | NOTE | |
r-release-linux-x86_64 | 0.5 | 3.02 | 28.27 | 31.29 | NOTE | |
r-release-macos-arm64 | 0.5 | 29.00 | OK | |||
r-release-macos-x86_64 | 0.5 | 50.00 | OK | |||
r-release-windows-x86_64 | 0.5 | 5.00 | 51.00 | 56.00 | OK | |
r-oldrel-macos-arm64 | 0.5 | 30.00 | OK | |||
r-oldrel-macos-x86_64 | 0.5 | 45.00 | OK | |||
r-oldrel-windows-x86_64 | 0.5 | 5.00 | 55.00 | 60.00 | OK |
Version: 0.5
Check: Rd cross-references
Result: NOTE
Found the following Rd file(s) with Rd \link{} targets missing package
anchors:
source_XlsxData.Rd: httr
source_data.Rd: fread, httr
Please provide package anchors for all Rd \link{} targets not in the
package itself and the base packages.
Flavors: r-devel-linux-x86_64-debian-clang, r-devel-linux-x86_64-debian-gcc, r-devel-windows-x86_64
Version: 0.5
Check: for non-standard things in the check directory
Result: NOTE
Found the following files/directories:
‘PackageCites.bib’
Flavors: r-devel-linux-x86_64-debian-clang, r-devel-linux-x86_64-debian-gcc, r-devel-linux-x86_64-fedora-clang, r-devel-linux-x86_64-fedora-gcc, r-patched-linux-x86_64, r-release-linux-x86_64
These binaries (installable software) and packages are in development.
They may not be fully stable and should be used with caution. We make no claims about them.