Last updated on 2025-05-01 12:49:38 CEST.
Flavor | Version | Tinstall | Tcheck | Ttotal | Status | Flags |
---|---|---|---|---|---|---|
r-devel-linux-x86_64-debian-clang | 0.6.1 | 10.52 | 98.79 | 109.31 | NOTE | |
r-devel-linux-x86_64-debian-gcc | 0.6.1 | 7.33 | 71.45 | 78.78 | OK | |
r-devel-linux-x86_64-fedora-clang | 0.6.1 | 187.53 | OK | |||
r-devel-linux-x86_64-fedora-gcc | 0.6.1 | 206.54 | OK | |||
r-devel-windows-x86_64 | 0.6.1 | 12.00 | 438.00 | 450.00 | OK | |
r-patched-linux-x86_64 | 0.6.1 | 11.71 | 94.14 | 105.85 | OK | |
r-release-linux-x86_64 | OK | |||||
r-release-macos-arm64 | 0.6.1 | 71.00 | OK | |||
r-release-macos-x86_64 | 0.6.1 | 129.00 | OK | |||
r-release-windows-x86_64 | 0.6.1 | 13.00 | 448.00 | 461.00 | OK | |
r-oldrel-macos-arm64 | 0.6.1 | 51.00 | OK | |||
r-oldrel-macos-x86_64 | 0.6.1 | 159.00 | OK | |||
r-oldrel-windows-x86_64 | 0.6.1 | 14.00 | 378.00 | 392.00 | OK |
Version: 0.6.1
Check: examples
Result: NOTE
Examples with CPU (user + system) or elapsed time > 5s
user system elapsed
report.stanreg 6.124 0.192 7.344
Flavor: r-devel-linux-x86_64-debian-clang
Version: 0.6.1
Check: examples
Result: NA
user system elapsed
report.stanreg 4.688 0.438 5.846
OK
Flavor: r-devel-linux-x86_64-debian-gcc
These binaries (installable software) and packages are in development.
They may not be fully stable and should be used with caution. We make no claims about them.