Last updated on 2025-05-01 08:52:43 CEST.
Flavor | Version | Tinstall | Tcheck | Ttotal | Status | Flags |
---|---|---|---|---|---|---|
r-devel-linux-x86_64-debian-clang | 0.1.5 | 25.15 | 203.97 | 229.12 | NOTE | |
r-devel-linux-x86_64-debian-gcc | 0.1.5 | 19.54 | 138.51 | 158.05 | OK | |
r-devel-linux-x86_64-fedora-clang | 0.1.5 | 395.77 | OK | |||
r-devel-linux-x86_64-fedora-gcc | 0.1.5 | 385.52 | OK | |||
r-devel-windows-x86_64 | 0.1.5 | 36.00 | 220.00 | 256.00 | OK | |
r-patched-linux-x86_64 | 0.1.5 | 27.92 | 199.95 | 227.87 | OK | |
r-release-linux-x86_64 | OK | |||||
r-release-macos-arm64 | 0.1.5 | 122.00 | OK | |||
r-release-macos-x86_64 | 0.1.5 | 231.00 | OK | |||
r-release-windows-x86_64 | 0.1.5 | 38.00 | 226.00 | 264.00 | OK | |
r-oldrel-macos-arm64 | 0.1.5 | 108.00 | OK | |||
r-oldrel-macos-x86_64 | 0.1.5 | 161.00 | OK | |||
r-oldrel-windows-x86_64 | 0.1.5 | 41.00 | 277.00 | 318.00 | OK |
Version: 0.1.5
Check: examples
Result: NOTE
Examples with CPU (user + system) or elapsed time > 5s
user system elapsed
clust_proto_random 4.295 0.003 5.089
Flavor: r-devel-linux-x86_64-debian-clang
These binaries (installable software) and packages are in development.
They may not be fully stable and should be used with caution. We make no claims about them.