Last updated on 2025-02-16 08:50:58 CET.
Flavor | Version | Tinstall | Tcheck | Ttotal | Status | Flags |
---|---|---|---|---|---|---|
r-devel-linux-x86_64-debian-clang | 0.1.3 | 1.74 | 22.47 | 24.21 | OK | |
r-devel-linux-x86_64-debian-gcc | 0.1.3 | 1.43 | 18.64 | 20.07 | OK | |
r-devel-linux-x86_64-fedora-clang | 0.1.3 | 41.19 | OK | |||
r-devel-linux-x86_64-fedora-gcc | 0.1.3 | 51.81 | OK | |||
r-devel-macos-arm64 | 0.1.3 | 22.00 | OK | |||
r-devel-macos-x86_64 | 0.1.3 | 43.00 | OK | |||
r-devel-windows-x86_64 | 0.1.3 | 4.00 | 53.00 | 57.00 | OK | |
r-patched-linux-x86_64 | 0.1.3 | 1.67 | 21.73 | 23.40 | NOTE | |
r-release-linux-x86_64 | 0.1.3 | 1.69 | 21.59 | 23.28 | NOTE | |
r-release-macos-arm64 | 0.1.3 | 22.00 | NOTE | |||
r-release-macos-x86_64 | 0.1.3 | 32.00 | NOTE | |||
r-release-windows-x86_64 | 0.1.3 | 3.00 | 48.00 | 51.00 | NOTE | |
r-oldrel-macos-arm64 | 0.1.3 | 23.00 | NOTE | |||
r-oldrel-macos-x86_64 | 0.1.3 | 29.00 | NOTE | |||
r-oldrel-windows-x86_64 | 0.1.3 | 2.00 | 76.00 | 78.00 | NOTE |
Version: 0.1.3
Check: LazyData
Result: NOTE
'LazyData' is specified without a 'data' directory
Flavors: r-patched-linux-x86_64, r-release-linux-x86_64, r-release-macos-arm64, r-release-macos-x86_64, r-release-windows-x86_64, r-oldrel-macos-arm64, r-oldrel-macos-x86_64, r-oldrel-windows-x86_64
These binaries (installable software) and packages are in development.
They may not be fully stable and should be used with caution. We make no claims about them.