CRAN Package Check Results for Package represtools

Last updated on 2025-10-23 17:50:59 CEST.

Flavor Version Tinstall Tcheck Ttotal Status Flags
r-devel-linux-x86_64-debian-clang 0.1.3 1.90 25.10 27.00 NOTE
r-devel-linux-x86_64-debian-gcc 0.1.3 1.52 20.69 22.21 OK
r-devel-linux-x86_64-fedora-clang 0.1.3 40.47 OK
r-devel-linux-x86_64-fedora-gcc 0.1.3 54.00 OK
r-devel-windows-x86_64 0.1.3 3.00 46.00 49.00 OK
r-patched-linux-x86_64 0.1.3 1.82 23.55 25.37 OK
r-release-linux-x86_64 0.1.3 1.75 23.69 25.44 OK
r-release-macos-arm64 0.1.3 1.00 22.00 23.00 OK
r-release-macos-x86_64 0.1.3 2.00 40.00 42.00 OK
r-release-windows-x86_64 0.1.3 5.00 55.00 60.00 OK
r-oldrel-macos-arm64 0.1.3 1.00 21.00 22.00 NOTE
r-oldrel-macos-x86_64 0.1.3 2.00 30.00 32.00 NOTE
r-oldrel-windows-x86_64 0.1.3 4.00 51.00 55.00 NOTE

Check Details

Version: 0.1.3
Check: HTML version of manual
Result: NOTE Found the following HTML validation problems: Analyze.html:54:1 (Analyze.Rd:14): Warning: missing </ul> before </div> Cook.html:54:1 (Cook.Rd:14): Warning: missing </ul> before </div> Gather.html:50:1 (Gather.Rd:12): Warning: missing </ul> before </div> OutputFile.html:46:1 (OutputFile.Rd:10): Warning: missing </ul> before </div> Present.html:58:1 (Present.Rd:16): Warning: missing </ul> before </div> Flavor: r-devel-linux-x86_64-debian-clang

Version: 0.1.3
Check: LazyData
Result: NOTE 'LazyData' is specified without a 'data' directory Flavors: r-oldrel-macos-arm64, r-oldrel-macos-x86_64, r-oldrel-windows-x86_64

These binaries (installable software) and packages are in development.
They may not be fully stable and should be used with caution. We make no claims about them.